CRAN Package Check Results for Package dbarts

Last updated on 2019-11-26 00:51:49 CET.

Flavor Version Tinstall Tcheck Ttotal Status Flags
r-devel-linux-x86_64-debian-clang 0.9-13 45.49 137.16 182.65 NOTE
r-devel-linux-x86_64-debian-gcc 0.9-13 27.22 96.57 123.79 NOTE
r-devel-linux-x86_64-fedora-clang 0.9-13 218.75 NOTE
r-devel-linux-x86_64-fedora-gcc 0.9-13 202.42 NOTE
r-devel-windows-ix86+x86_64 0.9-13 108.00 250.00 358.00 OK
r-devel-windows-ix86+x86_64-gcc8 0.9-13 107.00 203.00 310.00 OK
r-patched-linux-x86_64 0.9-13 32.39 121.22 153.61 NOTE
r-patched-solaris-x86 0.9-13 60.20 ERROR
r-release-linux-x86_64 0.9-13 30.67 131.18 161.85 NOTE
r-release-windows-ix86+x86_64 0.9-13 109.00 206.00 315.00 OK
r-release-osx-x86_64 0.9-13 OK
r-oldrel-windows-ix86+x86_64 0.9-13 69.00 255.00 324.00 OK
r-oldrel-osx-x86_64 0.9-13 OK

Check Details

Version: 0.9-13
Check: compilation flags used
Result: NOTE
    Compilation used the following non-portable flag(s):
     '-mavx' '-mavx2' '-msse4.1'
Flavors: r-devel-linux-x86_64-debian-clang, r-devel-linux-x86_64-debian-gcc, r-devel-linux-x86_64-fedora-clang, r-devel-linux-x86_64-fedora-gcc, r-patched-linux-x86_64, r-release-linux-x86_64

Version: 0.9-13
Check: whether package can be installed
Result: ERROR
    Installation failed.
Flavor: r-patched-solaris-x86