Last updated on 2019-11-26 00:51:49 CET.
Flavor | Version | Tinstall | Tcheck | Ttotal | Status | Flags |
---|---|---|---|---|---|---|
r-devel-linux-x86_64-debian-clang | 0.1.0 | 4.00 | 35.95 | 39.95 | NOTE | |
r-devel-linux-x86_64-debian-gcc | 0.1.0 | 3.24 | 29.09 | 32.33 | NOTE | |
r-devel-linux-x86_64-fedora-clang | 0.1.0 | 46.37 | OK | |||
r-devel-linux-x86_64-fedora-gcc | 0.1.0 | 45.61 | OK | |||
r-devel-windows-ix86+x86_64 | 0.1.0 | 17.00 | 73.00 | 90.00 | NOTE | |
r-devel-windows-ix86+x86_64-gcc8 | 0.1.0 | 12.00 | 52.00 | 64.00 | NOTE | |
r-patched-linux-x86_64 | 0.1.0 | 3.93 | 34.82 | 38.75 | OK | |
r-patched-solaris-x86 | 0.1.0 | 68.60 | OK | |||
r-release-linux-x86_64 | 0.1.0 | 3.25 | 34.93 | 38.18 | OK | |
r-release-windows-ix86+x86_64 | 0.1.0 | 14.00 | 50.00 | 64.00 | NOTE | |
r-release-osx-x86_64 | 0.1.0 | OK | ||||
r-oldrel-windows-ix86+x86_64 | 0.1.0 | 6.00 | 72.00 | 78.00 | NOTE | |
r-oldrel-osx-x86_64 | 0.1.0 | OK |
Version: 0.1.0
Check: package vignettes
Result: NOTE
Package vignette with placeholder title 'Vignette Title':
'verifyWrite.Rmd'
Flavors: r-devel-linux-x86_64-debian-clang, r-devel-linux-x86_64-debian-gcc, r-devel-windows-ix86+x86_64, r-devel-windows-ix86+x86_64-gcc8
Version: 0.1.0
Check: package dependencies
Result: NOTE
Package suggested but not available for checking: 'doMC'
Flavors: r-devel-windows-ix86+x86_64, r-devel-windows-ix86+x86_64-gcc8, r-release-windows-ix86+x86_64, r-oldrel-windows-ix86+x86_64