Last updated on 2019-11-26 00:51:49 CET.
Flavor | Version | Tinstall | Tcheck | Ttotal | Status | Flags |
---|---|---|---|---|---|---|
r-devel-linux-x86_64-debian-clang | 1.1-5 | 134.65 | 99.54 | 234.19 | OK | |
r-devel-linux-x86_64-debian-gcc | 1.1-5 | 93.72 | 73.52 | 167.24 | OK | |
r-devel-linux-x86_64-fedora-clang | 1.1-5 | 315.99 | NOTE | |||
r-devel-linux-x86_64-fedora-gcc | 1.1-5 | 289.57 | OK | |||
r-devel-windows-ix86+x86_64 | 1.1-5 | 344.00 | 191.00 | 535.00 | OK | |
r-devel-windows-ix86+x86_64-gcc8 | 1.1-5 | 346.00 | 164.00 | 510.00 | OK | |
r-patched-linux-x86_64 | 1.1-5 | 103.94 | 94.07 | 198.01 | OK | |
r-patched-solaris-x86 | 1.1-5 | 302.00 | OK | |||
r-release-linux-x86_64 | 1.1-5 | 103.58 | 95.23 | 198.81 | OK | |
r-release-windows-ix86+x86_64 | 1.1-5 | 330.00 | 210.00 | 540.00 | OK | |
r-release-osx-x86_64 | 1.1-5 | NOTE | ||||
r-oldrel-windows-ix86+x86_64 | 1.1-5 | 235.00 | 200.00 | 435.00 | OK | |
r-oldrel-osx-x86_64 | 1.1-5 | NOTE |
Version: 1.1-5
Check: installed package size
Result: NOTE
installed size is 8.4Mb
sub-directories of 1Mb or more:
libs 7.1Mb
Flavors: r-devel-linux-x86_64-fedora-clang, r-release-osx-x86_64, r-oldrel-osx-x86_64