CRAN Package Check Results for Package ddpcr

Last updated on 2019-11-26 00:51:49 CET.

Flavor Version Tinstall Tcheck Ttotal Status Flags
r-devel-linux-x86_64-debian-clang 1.11 6.57 112.41 118.98 OK
r-devel-linux-x86_64-debian-gcc 1.11 5.72 83.40 89.12 OK
r-devel-linux-x86_64-fedora-clang 1.11 135.40 OK
r-devel-linux-x86_64-fedora-gcc 1.11 136.00 OK
r-devel-windows-ix86+x86_64 1.11 22.00 196.00 218.00 OK
r-devel-windows-ix86+x86_64-gcc8 1.11 16.00 134.00 150.00 OK
r-patched-linux-x86_64 1.11 6.61 109.46 116.07 OK
r-patched-solaris-x86 1.11 202.40 NOTE
r-release-linux-x86_64 1.11 6.69 109.33 116.02 OK
r-release-windows-ix86+x86_64 1.11 25.00 149.00 174.00 OK
r-release-osx-x86_64 1.11 OK
r-oldrel-windows-ix86+x86_64 1.11 12.00 173.00 185.00 OK
r-oldrel-osx-x86_64 1.11 OK

Check Details

Version: 1.11
Check: installed package size
Result: NOTE
     installed size is 5.7Mb
     sub-directories of 1Mb or more:
     sample_data 3.6Mb
Flavor: r-patched-solaris-x86