CRAN Package Check Results for Package detrendr

Last updated on 2019-11-26 00:51:49 CET.

Flavor Version Tinstall Tcheck Ttotal Status Flags
r-devel-linux-x86_64-debian-clang 0.6.4 128.75 268.92 397.67 NOTE
r-devel-linux-x86_64-debian-gcc 0.6.4 83.13 189.63 272.76 NOTE
r-devel-linux-x86_64-fedora-clang 0.6.4 456.58 NOTE
r-devel-linux-x86_64-fedora-gcc 0.6.4 441.10 NOTE
r-devel-windows-ix86+x86_64 0.6.4 325.00 680.00 1005.00 NOTE
r-devel-windows-ix86+x86_64-gcc8 0.6.4 294.00 568.00 862.00 NOTE
r-patched-linux-x86_64 0.6.4 89.42 241.95 331.37 NOTE
r-patched-solaris-x86 0.6.4 876.10 NOTE
r-release-linux-x86_64 0.6.4 89.67 242.25 331.92 NOTE
r-release-windows-ix86+x86_64 0.6.4 351.00 530.00 881.00 NOTE
r-release-osx-x86_64 0.6.4 NOTE
r-oldrel-windows-ix86+x86_64 0.6.4 246.00 312.00 558.00 NOTE
r-oldrel-osx-x86_64 0.6.4 NOTE

Check Details

Version: 0.6.4
Check: for GNU extensions in Makefiles
Result: NOTE
    GNU make is a SystemRequirements.
Flavors: r-devel-linux-x86_64-debian-clang, r-devel-linux-x86_64-debian-gcc, r-devel-linux-x86_64-fedora-clang, r-devel-linux-x86_64-fedora-gcc, r-devel-windows-ix86+x86_64, r-devel-windows-ix86+x86_64-gcc8, r-patched-linux-x86_64, r-patched-solaris-x86, r-release-linux-x86_64, r-release-windows-ix86+x86_64, r-release-osx-x86_64, r-oldrel-windows-ix86+x86_64, r-oldrel-osx-x86_64

Version: 0.6.4
Check: installed package size
Result: NOTE
     installed size is 5.1Mb
     sub-directories of 1Mb or more:
     libs 3.9Mb
Flavor: r-devel-linux-x86_64-fedora-clang