Last updated on 2019-11-26 00:51:49 CET.
Flavor | Version | Tinstall | Tcheck | Ttotal | Status | Flags |
---|---|---|---|---|---|---|
r-devel-linux-x86_64-debian-clang | 0.1.2 | 54.39 | 142.24 | 196.63 | OK | |
r-devel-linux-x86_64-debian-gcc | 0.1.2 | 37.27 | 107.61 | 144.88 | OK | |
r-devel-linux-x86_64-fedora-clang | 0.1.2 | 232.91 | OK | |||
r-devel-linux-x86_64-fedora-gcc | 0.1.2 | 231.69 | OK | |||
r-devel-windows-ix86+x86_64 | 0.1.2 | 143.00 | 244.00 | 387.00 | OK | |
r-devel-windows-ix86+x86_64-gcc8 | 0.1.2 | 114.00 | 201.00 | 315.00 | OK | |
r-patched-linux-x86_64 | 0.1.2 | 40.19 | 137.65 | 177.84 | OK | |
r-patched-solaris-x86 | 0.1.2 | 225.80 | WARN | |||
r-release-linux-x86_64 | 0.1.2 | 41.37 | 138.45 | 179.82 | OK | |
r-release-windows-ix86+x86_64 | 0.1.2 | 106.00 | 254.00 | 360.00 | OK | |
r-release-osx-x86_64 | 0.1.2 | OK | ||||
r-oldrel-windows-ix86+x86_64 | 0.1.2 | 78.00 | 249.00 | 327.00 | OK | |
r-oldrel-osx-x86_64 | 0.1.2 | OK |
Version: 0.1.2
Check: re-building of vignette outputs
Result: WARN
Error(s) in re-building vignettes:
...
--- re-building ‘multistage_fundamentals.Rmd’ using rmarkdown
Warning in engine$weave(file, quiet = quiet, encoding = enc) :
The vignette engine knitr::rmarkdown is not available, because the rmarkdown package is not installed. Please install it.
Computing non-mst profile_tables over an mst design, did you mean to use profile_tables_mst?
Warning: Column `item_id` joining character vector and factor, coercing into character vector
Warning: Removed 33 rows containing missing values (geom_point).
Quitting from lines 369-405 (multistage_fundamentals.Rmd)
Error: processing vignette 'multistage_fundamentals.Rmd' failed with diagnostics:
problem cannot be computed
--- failed re-building ‘multistage_fundamentals.Rmd’
SUMMARY: processing the following file failed:
‘multistage_fundamentals.Rmd’
Error: Vignette re-building failed.
Execution halted
Flavor: r-patched-solaris-x86