Last updated on 2019-11-26 00:51:49 CET.
Flavor | Version | Tinstall | Tcheck | Ttotal | Status | Flags |
---|---|---|---|---|---|---|
r-devel-linux-x86_64-debian-clang | 1.3.0 | 15.35 | 104.45 | 119.80 | OK | |
r-devel-linux-x86_64-debian-gcc | 1.3.0 | 13.15 | 79.82 | 92.97 | OK | |
r-devel-linux-x86_64-fedora-clang | 1.3.0 | 132.18 | OK | |||
r-devel-linux-x86_64-fedora-gcc | 1.3.0 | 129.68 | OK | |||
r-devel-windows-ix86+x86_64 | 1.3.0 | 42.00 | 131.00 | 173.00 | OK | |
r-devel-windows-ix86+x86_64-gcc8 | 1.3.0 | 28.00 | 105.00 | 133.00 | OK | |
r-patched-linux-x86_64 | 1.3.0 | 13.31 | 96.49 | 109.80 | OK | |
r-patched-solaris-x86 | 1.3.0 | 190.50 | OK | |||
r-release-linux-x86_64 | 1.3.0 | 15.15 | 98.42 | 113.57 | OK | |
r-release-windows-ix86+x86_64 | 1.3.0 | 35.00 | 140.00 | 175.00 | OK | |
r-release-osx-x86_64 | 1.3.0 | OK | ||||
r-oldrel-windows-ix86+x86_64 | 1.3.0 | 13.00 | 152.00 | 165.00 | WARN | |
r-oldrel-osx-x86_64 | 1.3.0 | OK |
Version: 1.3.0
Check: whether package can be installed
Result: WARN
Found the following significant warnings:
Warning: S3 methods '[.fun_list', '[.grouped_df', 'all.equal.tbl_df', 'anti_join.data.frame', 'anti_join.tbl_df', 'arrange.data.frame', 'arrange.default', 'arrange.grouped_df', 'arrange.tbl_df', 'arrange_.data.frame', 'arrange_.tbl_df', 'as.data.frame.grouped_df', 'as.data.frame.rowwise_df', 'as.data.frame.tbl_cube', 'as.table.tbl_cube', 'as.tbl.data.frame', 'as.tbl.tbl', 'as.tbl_cube.array', 'as.tbl_cube.data.frame', 'as.tbl_cube.matrix', 'as.tbl_cube.table', 'as_tibble.grouped_df', 'as_tibble.tbl_cube', 'auto_copy.tbl_cube', 'auto_copy.tbl_df', 'cbind.grouped_df', 'collapse.data.frame', 'collect.data.frame', 'common_by.NULL', 'common_by.character', 'common_by.default', 'common_by.list', 'compute.data.frame', 'copy_to.DBIConnection', 'copy_to.src_local', 'default_missing.data.frame', 'default_missing.default', 'dim.tbl_cube', 'distinct.data.frame', 'distinct.default', 'distinct.grouped_df', 'distinct.tbl_df', 'distinct_.data.frame', 'distinct_.grouped_df', 'distinct_.tbl_df', 'do.NULL', 'do.da [... truncated]
Flavor: r-oldrel-windows-ix86+x86_64