CRAN Package Check Results for Package discretization

Last updated on 2019-11-26 00:51:49 CET.

Flavor Version Tinstall Tcheck Ttotal Status Flags
r-devel-linux-x86_64-debian-clang 1.0-1 2.85 29.63 32.48 NOTE
r-devel-linux-x86_64-debian-gcc 1.0-1 2.09 22.26 24.35 NOTE
r-devel-linux-x86_64-fedora-clang 1.0-1 36.64 NOTE
r-devel-linux-x86_64-fedora-gcc 1.0-1 36.04 NOTE
r-devel-windows-ix86+x86_64 1.0-1 6.00 37.00 43.00 NOTE
r-devel-windows-ix86+x86_64-gcc8 1.0-1 7.00 36.00 43.00 NOTE
r-patched-linux-x86_64 1.0-1 2.40 28.84 31.24 NOTE
r-patched-solaris-x86 1.0-1 48.80 NOTE
r-release-linux-x86_64 1.0-1 2.12 29.05 31.17 NOTE
r-release-windows-ix86+x86_64 1.0-1 5.00 50.00 55.00 NOTE
r-release-osx-x86_64 1.0-1 NOTE
r-oldrel-windows-ix86+x86_64 1.0-1 3.00 35.00 38.00 NOTE
r-oldrel-osx-x86_64 1.0-1 NOTE

Check Details

Version: 1.0-1
Check: DESCRIPTION meta-information
Result: NOTE
    Malformed Title field: should not end in a period.
Flavors: r-devel-linux-x86_64-debian-clang, r-devel-linux-x86_64-debian-gcc, r-devel-linux-x86_64-fedora-clang, r-devel-linux-x86_64-fedora-gcc, r-devel-windows-ix86+x86_64, r-devel-windows-ix86+x86_64-gcc8, r-patched-linux-x86_64, r-patched-solaris-x86, r-release-linux-x86_64, r-release-windows-ix86+x86_64, r-release-osx-x86_64, r-oldrel-windows-ix86+x86_64, r-oldrel-osx-x86_64

Version: 1.0-1
Check: R code for possible problems
Result: NOTE
    value: no visible global function definition for 'qchisq'
    Undefined global functions or variables:
     qchisq
    Consider adding
     importFrom("stats", "qchisq")
    to your NAMESPACE file.
Flavors: r-devel-linux-x86_64-debian-clang, r-devel-linux-x86_64-debian-gcc, r-devel-linux-x86_64-fedora-clang, r-devel-linux-x86_64-fedora-gcc, r-devel-windows-ix86+x86_64, r-devel-windows-ix86+x86_64-gcc8, r-patched-linux-x86_64, r-patched-solaris-x86, r-release-linux-x86_64, r-release-windows-ix86+x86_64, r-release-osx-x86_64, r-oldrel-windows-ix86+x86_64, r-oldrel-osx-x86_64