Last updated on 2019-11-26 00:51:50 CET.
Flavor | Version | Tinstall | Tcheck | Ttotal | Status | Flags |
---|---|---|---|---|---|---|
r-devel-linux-x86_64-debian-clang | 0.8.3 | 315.06 | 142.88 | 457.94 | OK | |
r-devel-linux-x86_64-debian-gcc | 0.8.3 | 247.55 | 106.93 | 354.48 | OK | |
r-devel-linux-x86_64-fedora-clang | 0.8.3 | 610.57 | NOTE | |||
r-devel-linux-x86_64-fedora-gcc | 0.8.3 | 617.37 | NOTE | |||
r-devel-windows-ix86+x86_64 | 0.8.3 | 8.00 | 8.00 | 16.00 | NOTE | |
r-devel-windows-ix86+x86_64-gcc8 | 0.8.3 | 562.00 | 262.00 | 824.00 | NOTE | |
r-patched-linux-x86_64 | 0.8.3 | 253.29 | 137.03 | 390.32 | OK | |
r-patched-solaris-x86 | 0.8.3 | 614.80 | NOTE | |||
r-release-linux-x86_64 | 0.8.3 | 257.38 | 151.27 | 408.65 | OK | |
r-release-windows-ix86+x86_64 | 0.8.3 | 650.00 | 344.00 | 994.00 | NOTE | |
r-release-osx-x86_64 | 0.8.3 | NOTE | ||||
r-oldrel-windows-ix86+x86_64 | 0.8.3 | 460.00 | 332.00 | 792.00 | NOTE | |
r-oldrel-osx-x86_64 | 0.8.3 | NOTE |
Version: 0.8.3
Check: installed package size
Result: NOTE
installed size is 29.7Mb
sub-directories of 1Mb or more:
libs 27.4Mb
Flavors: r-devel-linux-x86_64-fedora-clang, r-devel-windows-ix86+x86_64, r-devel-windows-ix86+x86_64-gcc8, r-patched-solaris-x86, r-release-windows-ix86+x86_64, r-release-osx-x86_64, r-oldrel-windows-ix86+x86_64, r-oldrel-osx-x86_64
Version: 0.8.3
Check: data for non-ASCII characters
Result: NOTE
Note: found 4 marked UTF-8 strings
Flavors: r-devel-linux-x86_64-fedora-clang, r-devel-linux-x86_64-fedora-gcc, r-patched-solaris-x86, r-release-osx-x86_64, r-oldrel-osx-x86_64