CRAN Package Check Results for Package dtwclust

Last updated on 2019-11-26 00:51:50 CET.

Flavor Version Tinstall Tcheck Ttotal Status Flags
r-devel-linux-x86_64-debian-clang 5.5.5 156.22 359.92 516.14 ERROR
r-devel-linux-x86_64-debian-gcc 5.5.5 113.25 265.78 379.03 ERROR
r-devel-linux-x86_64-fedora-clang 5.5.5 654.36 NOTE
r-devel-linux-x86_64-fedora-gcc 5.5.5 633.36 NOTE
r-devel-windows-ix86+x86_64 5.5.5 455.00 600.00 1055.00 NOTE
r-devel-windows-ix86+x86_64-gcc8 5.5.5 333.00 467.00 800.00 NOTE
r-patched-linux-x86_64 5.5.5 124.11 344.76 468.87 NOTE
r-patched-solaris-x86 5.5.5 1020.50 NOTE
r-release-linux-x86_64 5.5.5 121.17 360.28 481.45 NOTE
r-release-windows-ix86+x86_64 5.5.5 430.00 559.00 989.00 NOTE
r-release-osx-x86_64 5.5.5 NOTE
r-oldrel-windows-ix86+x86_64 5.5.5 312.00 610.00 922.00 NOTE
r-oldrel-osx-x86_64 5.5.5 NOTE

Check Details

Version: 5.5.5
Check: for GNU extensions in Makefiles
Result: NOTE
    GNU make is a SystemRequirements.
Flavors: r-devel-linux-x86_64-debian-clang, r-devel-linux-x86_64-debian-gcc, r-devel-linux-x86_64-fedora-clang, r-devel-linux-x86_64-fedora-gcc, r-devel-windows-ix86+x86_64, r-devel-windows-ix86+x86_64-gcc8, r-patched-linux-x86_64, r-patched-solaris-x86, r-release-linux-x86_64, r-release-windows-ix86+x86_64, r-release-osx-x86_64, r-oldrel-windows-ix86+x86_64, r-oldrel-osx-x86_64

Version: 5.5.5
Check: tests
Result: ERROR
     Running 'testthat.R' [130s/117s]
    Running the tests in 'tests/testthat.R' failed.
    Complete output:
     > library(dtwclust)
     Loading required package: proxy
    
     Attaching package: 'proxy'
    
     The following objects are masked from 'package:stats':
    
     as.dist, dist
    
     The following object is masked from 'package:base':
    
     as.matrix
    
     Loading required package: dtw
     Loaded dtw v1.21-3. See ?dtw for help, citation("dtw") for use in publication.
    
     dtwclust:
     Setting random number generator to L'Ecuyer-CMRG (see RNGkind()).
     To read the included vignettes type: browseVignettes("dtwclust").
     See news(package = "dtwclust") after package updates.
     > library(foreach)
     > library(testthat)
     >
     > # coverage for multi-threading might not be possible (?)
     > if (nzchar(Sys.getenv("R_COVR"))) RcppParallel::setThreadOptions(1L)
     > # old reporter for CMD checks
     > options(testthat.default_reporter = "summary")
     >
     > #' To test in a local machine:
     > #' Sys.setenv(NOT_CRAN = "true"); test_dir("tests/testthat/")
     > #' OR
     > #' devtools::test() # fixed? https://github.com/r-lib/devtools/issues/1832
     > #'
     > #' To disable parallel tests, before calling test() run:
     > #'
     > #' options(dtwclust_skip_par_tests = TRUE)
     > #'
     > testthat::test_check("dtwclust")
     -- 1. Failure: Included as.* methods are dispatched correctly. ----------------
     class(base::as.matrix(crossdist)) == "matrix" isn't true.
    
     -- 2. Failure: Included as.* methods are dispatched correctly. ----------------
     class(base::as.matrix(pairdist)) == "matrix" isn't true.
    
     == testthat results ===========================================================
     [ OK: 1894 | SKIPPED: 3 | WARNINGS: 0 | FAILED: 2 ]
     1. Failure: Included as.* methods are dispatched correctly.
     2. Failure: Included as.* methods are dispatched correctly.
    
     Error: testthat unit tests failed
     Execution halted
Flavor: r-devel-linux-x86_64-debian-clang

Version: 5.5.5
Check: tests
Result: ERROR
     Running ‘testthat.R’ [90s/112s]
    Running the tests in ‘tests/testthat.R’ failed.
    Complete output:
     > library(dtwclust)
     Loading required package: proxy
    
     Attaching package: 'proxy'
    
     The following objects are masked from 'package:stats':
    
     as.dist, dist
    
     The following object is masked from 'package:base':
    
     as.matrix
    
     Loading required package: dtw
     Loaded dtw v1.21-3. See ?dtw for help, citation("dtw") for use in publication.
    
     dtwclust:
     Setting random number generator to L'Ecuyer-CMRG (see RNGkind()).
     To read the included vignettes type: browseVignettes("dtwclust").
     See news(package = "dtwclust") after package updates.
     > library(foreach)
     > library(testthat)
     >
     > # coverage for multi-threading might not be possible (?)
     > if (nzchar(Sys.getenv("R_COVR"))) RcppParallel::setThreadOptions(1L)
     > # old reporter for CMD checks
     > options(testthat.default_reporter = "summary")
     >
     > #' To test in a local machine:
     > #' Sys.setenv(NOT_CRAN = "true"); test_dir("tests/testthat/")
     > #' OR
     > #' devtools::test() # fixed? https://github.com/r-lib/devtools/issues/1832
     > #'
     > #' To disable parallel tests, before calling test() run:
     > #'
     > #' options(dtwclust_skip_par_tests = TRUE)
     > #'
     > testthat::test_check("dtwclust")
     ── 1. Failure: Included as.* methods are dispatched correctly. ────────────────
     class(base::as.matrix(crossdist)) == "matrix" isn't true.
    
     ── 2. Failure: Included as.* methods are dispatched correctly. ────────────────
     class(base::as.matrix(pairdist)) == "matrix" isn't true.
    
     ══ testthat results ═══════════════════════════════════════════════════════════
     [ OK: 1894 | SKIPPED: 3 | WARNINGS: 0 | FAILED: 2 ]
     1. Failure: Included as.* methods are dispatched correctly.
     2. Failure: Included as.* methods are dispatched correctly.
    
     Error: testthat unit tests failed
     Execution halted
Flavor: r-devel-linux-x86_64-debian-gcc

Version: 5.5.5
Check: installed package size
Result: NOTE
     installed size is 9.0Mb
     sub-directories of 1Mb or more:
     doc 2.6Mb
     libs 5.2Mb
Flavors: r-devel-linux-x86_64-fedora-clang, r-devel-windows-ix86+x86_64, r-devel-windows-ix86+x86_64-gcc8, r-release-windows-ix86+x86_64, r-release-osx-x86_64, r-oldrel-windows-ix86+x86_64, r-oldrel-osx-x86_64