Last updated on 2019-11-26 00:51:50 CET.
Flavor | Version | Tinstall | Tcheck | Ttotal | Status | Flags |
---|---|---|---|---|---|---|
r-devel-linux-x86_64-debian-clang | 0.5.2 | 35.27 | 214.94 | 250.21 | NOTE | |
r-devel-linux-x86_64-debian-gcc | 0.5.2 | 26.78 | 161.49 | 188.27 | NOTE | |
r-devel-linux-x86_64-fedora-clang | 0.5.2 | 293.93 | NOTE | |||
r-devel-linux-x86_64-fedora-gcc | 0.5.2 | 290.82 | NOTE | |||
r-devel-windows-ix86+x86_64 | 0.5.2 | 104.00 | 370.00 | 474.00 | NOTE | |
r-devel-windows-ix86+x86_64-gcc8 | 0.5.2 | 81.00 | 314.00 | 395.00 | NOTE | |
r-patched-linux-x86_64 | 0.5.2 | 30.00 | 203.86 | 233.86 | NOTE | |
r-patched-solaris-x86 | 0.5.2 | 497.30 | OK | |||
r-release-linux-x86_64 | 0.5.2 | 29.62 | 206.02 | 235.64 | NOTE | |
r-release-windows-ix86+x86_64 | 0.5.2 | 89.00 | 307.00 | 396.00 | OK | |
r-release-osx-x86_64 | 0.5.2 | OK | ||||
r-oldrel-windows-ix86+x86_64 | 0.5.2 | 59.00 | 402.00 | 461.00 | OK | |
r-oldrel-osx-x86_64 | 0.5.2 | OK |
Version: 0.5.2
Check: use of SHLIB_OPENMP_*FLAGS in Makefiles
Result: NOTE
src/Makevars: SHLIB_OPENMP_CXXFLAGS is included in PKG_CXXFLAGS but not in PKG_LIBS
src/Makevars: SHLIB_OPENMP_CFLAGS is included in PKG_LIBS but linking is by C++
src/Makevars.win: SHLIB_OPENMP_CXXFLAGS is included in PKG_CXXFLAGS but not in PKG_LIBS
src/Makevars.win: SHLIB_OPENMP_CFLAGS is included in PKG_LIBS but linking is by C++
Use of these macros is discussed in sect 1.2.1.1 of 'Writing R
Extensions'. The macros for different languages may differ so the
matching macro must be used in PKG_CXXFLAGS (etc) and match that used
in PKG_LIBS (except for Fortran: see the manual).
Flavors: r-devel-linux-x86_64-debian-clang, r-devel-linux-x86_64-debian-gcc, r-devel-linux-x86_64-fedora-clang, r-devel-linux-x86_64-fedora-gcc, r-patched-linux-x86_64, r-release-linux-x86_64
Version: 0.5.2
Check: package vignettes
Result: NOTE
Package vignette with placeholder title 'Vignette Title':
'vignette.Rmd'
Flavors: r-devel-linux-x86_64-debian-clang, r-devel-linux-x86_64-debian-gcc, r-devel-windows-ix86+x86_64, r-devel-windows-ix86+x86_64-gcc8