Last updated on 2019-11-26 00:51:50 CET.
Flavor | Version | Tinstall | Tcheck | Ttotal | Status | Flags |
---|---|---|---|---|---|---|
r-devel-linux-x86_64-debian-clang | 0.3.1 | 8.99 | 238.91 | 247.90 | OK | |
r-devel-linux-x86_64-debian-gcc | 0.3.1 | 7.08 | 168.08 | 175.16 | OK | |
r-devel-linux-x86_64-fedora-clang | 0.3.1 | 271.90 | NOTE | |||
r-devel-linux-x86_64-fedora-gcc | 0.3.1 | 273.54 | NOTE | |||
r-devel-windows-ix86+x86_64 | 0.3.1 | 31.00 | 317.00 | 348.00 | OK | |
r-devel-windows-ix86+x86_64-gcc8 | 0.3.1 | 21.00 | 239.00 | 260.00 | OK | |
r-patched-linux-x86_64 | 0.3.1 | 8.03 | 218.93 | 226.96 | OK | |
r-patched-solaris-x86 | 0.3.1 | 408.50 | NOTE | |||
r-release-linux-x86_64 | 0.3.1 | 7.54 | 222.52 | 230.06 | OK | |
r-release-windows-ix86+x86_64 | 0.3.1 | 32.00 | 238.00 | 270.00 | OK | |
r-release-osx-x86_64 | 0.3.1 | NOTE | ||||
r-oldrel-windows-ix86+x86_64 | 0.3.1 | 8.00 | 293.00 | 301.00 | OK | |
r-oldrel-osx-x86_64 | 0.3.1 | NOTE |
Version: 0.3.1
Check: dependencies in R code
Result: NOTE
Namespaces in Imports field not imported from:
‘DT’ ‘RColorBrewer’ ‘colorRamps’ ‘colourpicker’ ‘dichromat’ ‘leaflet’
‘lwgeom’ ‘raster’ ‘shinycssloaders’ ‘shinydashboard’ ‘shinyjs’ ‘tmap’
‘viridis’ ‘zip’
All declared Imports should be used.
Flavors: r-devel-linux-x86_64-fedora-clang, r-devel-linux-x86_64-fedora-gcc, r-patched-solaris-x86, r-release-osx-x86_64, r-oldrel-osx-x86_64