Last updated on 2019-11-26 00:51:50 CET.
Flavor | Version | Tinstall | Tcheck | Ttotal | Status | Flags |
---|---|---|---|---|---|---|
r-devel-linux-x86_64-debian-clang | 0.0.9 | 52.66 | 95.49 | 148.15 | OK | |
r-devel-linux-x86_64-debian-gcc | 0.0.9 | 35.48 | 74.26 | 109.74 | OK | |
r-devel-linux-x86_64-fedora-clang | 0.0.9 | 193.30 | NOTE | |||
r-devel-linux-x86_64-fedora-gcc | 0.0.9 | 195.72 | OK | |||
r-devel-windows-ix86+x86_64 | 0.0.9 | 108.00 | 178.00 | 286.00 | OK | |
r-devel-windows-ix86+x86_64-gcc8 | 0.0.9 | 118.00 | 138.00 | 256.00 | OK | |
r-patched-linux-x86_64 | 0.0.9 | 37.93 | 92.88 | 130.81 | OK | |
r-patched-solaris-x86 | 0.0.9 | 624.00 | OK | |||
r-release-linux-x86_64 | 0.0.9 | 39.91 | 92.19 | 132.10 | OK | |
r-release-windows-ix86+x86_64 | 0.0.9 | 105.00 | 136.00 | 241.00 | OK | |
r-release-osx-x86_64 | 0.0.9 | NOTE | ||||
r-oldrel-windows-ix86+x86_64 | 0.0.9 | 69.00 | 167.00 | 236.00 | OK | |
r-oldrel-osx-x86_64 | 0.0.9 | NOTE |
Version: 0.0.9
Check: installed package size
Result: NOTE
installed size is 5.2Mb
sub-directories of 1Mb or more:
R 1.4Mb
libs 3.2Mb
Flavors: r-devel-linux-x86_64-fedora-clang, r-release-osx-x86_64, r-oldrel-osx-x86_64