Last updated on 2019-11-26 00:51:50 CET.
Flavor | Version | Tinstall | Tcheck | Ttotal | Status | Flags |
---|---|---|---|---|---|---|
r-devel-linux-x86_64-debian-clang | 1.3-3 | 14.31 | 118.98 | 133.29 | OK | |
r-devel-linux-x86_64-debian-gcc | 1.3-3 | 12.19 | 91.70 | 103.89 | OK | |
r-devel-linux-x86_64-fedora-clang | 1.3-3 | 150.17 | OK | |||
r-devel-linux-x86_64-fedora-gcc | 1.3-3 | 146.56 | OK | |||
r-devel-windows-ix86+x86_64 | 1.3-3 | 30.00 | 158.00 | 188.00 | OK | |
r-devel-windows-ix86+x86_64-gcc8 | 1.3-3 | 23.00 | 121.00 | 144.00 | OK | |
r-patched-linux-x86_64 | 1.3-3 | 13.25 | 112.03 | 125.28 | OK | |
r-patched-solaris-x86 | 1.3-3 | 203.60 | OK | |||
r-release-linux-x86_64 | 1.3-3 | 14.02 | 114.09 | 128.11 | OK | |
r-release-windows-ix86+x86_64 | 1.3-3 | 29.00 | 173.00 | 202.00 | OK | |
r-release-osx-x86_64 | 1.3-3 | FAIL | ||||
r-oldrel-windows-ix86+x86_64 | 1.3-3 | 13.00 | 169.00 | 182.00 | OK | |
r-oldrel-osx-x86_64 | 1.3-3 | OK |
Version: 1.3-3
Check: dependencies in R code
Result: FAIL
Flavor: r-release-osx-x86_64