Last updated on 2019-11-26 00:51:50 CET.
Flavor | Version | Tinstall | Tcheck | Ttotal | Status | Flags |
---|---|---|---|---|---|---|
r-devel-linux-x86_64-debian-clang | 0.1.6 | 5.81 | 61.23 | 67.04 | OK | |
r-devel-linux-x86_64-debian-gcc | 0.1.6 | 4.86 | 46.73 | 51.59 | OK | |
r-devel-linux-x86_64-fedora-clang | 0.1.6 | 73.71 | OK | |||
r-devel-linux-x86_64-fedora-gcc | 0.1.6 | 73.66 | OK | |||
r-devel-windows-ix86+x86_64 | 0.1.6 | 20.00 | 106.00 | 126.00 | OK | |
r-devel-windows-ix86+x86_64-gcc8 | 0.1.6 | 12.00 | 71.00 | 83.00 | OK | |
r-patched-linux-x86_64 | 0.1.6 | 5.93 | 56.51 | 62.44 | OK | |
r-patched-solaris-x86 | 0.1.6 | 99.10 | OK | |||
r-release-linux-x86_64 | 0.1.6 | 5.14 | 56.63 | 61.77 | OK | |
r-release-windows-ix86+x86_64 | 0.1.6 | 18.00 | 101.00 | 119.00 | OK | |
r-release-osx-x86_64 | 0.1.6 | OK | ||||
r-oldrel-windows-ix86+x86_64 | 0.1.5 | 8.00 | 77.00 | 85.00 | OK | |
r-oldrel-osx-x86_64 | 0.1.6 | ERROR |
Version: 0.1.6
Check: whether package can be installed
Result: ERROR
Installation failed.
Flavor: r-oldrel-osx-x86_64