CRAN Package Check Results for Package etl

Last updated on 2019-11-26 00:51:50 CET.

Flavor Version Tinstall Tcheck Ttotal Status Flags
r-devel-linux-x86_64-debian-clang 0.3.7 6.65 76.90 83.55 NOTE
r-devel-linux-x86_64-debian-gcc 0.3.7 4.40 58.59 62.99 NOTE
r-devel-linux-x86_64-fedora-clang 0.3.7 93.10 NOTE
r-devel-linux-x86_64-fedora-gcc 0.3.7 91.78 NOTE
r-devel-windows-ix86+x86_64 0.3.7 23.00 122.00 145.00 OK
r-devel-windows-ix86+x86_64-gcc8 0.3.7 14.00 85.00 99.00 NOTE
r-patched-linux-x86_64 0.3.7 5.21 70.81 76.02 NOTE
r-patched-solaris-x86 0.3.7 127.00 NOTE
r-release-linux-x86_64 0.3.7 6.64 70.93 77.57 NOTE
r-release-windows-ix86+x86_64 0.3.7 20.00 111.00 131.00 OK
r-release-osx-x86_64 0.3.7 OK
r-oldrel-windows-ix86+x86_64 0.3.7 8.00 110.00 118.00 OK
r-oldrel-osx-x86_64 0.3.7 OK

Check Details

Version: 0.3.7
Check: package dependencies
Result: NOTE
    Package suggested but not available for checking: 'MonetDBLite'
Flavors: r-devel-linux-x86_64-debian-clang, r-devel-linux-x86_64-debian-gcc, r-devel-linux-x86_64-fedora-clang, r-devel-linux-x86_64-fedora-gcc, r-devel-windows-ix86+x86_64-gcc8, r-patched-linux-x86_64, r-patched-solaris-x86, r-release-linux-x86_64