Last updated on 2019-11-26 00:51:50 CET.
Flavor | Version | Tinstall | Tcheck | Ttotal | Status | Flags |
---|---|---|---|---|---|---|
r-devel-linux-x86_64-debian-clang | 3.3.55 | 10.35 | 88.71 | 99.06 | OK | |
r-devel-linux-x86_64-debian-gcc | 3.3.55 | 7.77 | 68.62 | 76.39 | OK | |
r-devel-linux-x86_64-fedora-clang | 3.3.55 | 112.29 | NOTE | |||
r-devel-linux-x86_64-fedora-gcc | 3.3.55 | 109.21 | NOTE | |||
r-devel-windows-ix86+x86_64 | 3.3.55 | 31.00 | 142.00 | 173.00 | OK | |
r-devel-windows-ix86+x86_64-gcc8 | 3.3.55 | 25.00 | 93.00 | 118.00 | OK | |
r-patched-linux-x86_64 | 3.3.55 | 9.66 | 83.10 | 92.76 | OK | |
r-patched-solaris-x86 | 3.3.55 | 172.90 | NOTE | |||
r-release-linux-x86_64 | 3.3.55 | 9.95 | 83.53 | 93.48 | OK | |
r-release-windows-ix86+x86_64 | 3.3.55 | 29.00 | 135.00 | 164.00 | OK | |
r-release-osx-x86_64 | 3.3.55 | NOTE | ||||
r-oldrel-windows-ix86+x86_64 | 3.3.55 | 12.00 | 131.00 | 143.00 | OK | |
r-oldrel-osx-x86_64 | 3.3.55 | NOTE |
Version: 3.3.55
Check: data for non-ASCII characters
Result: NOTE
Note: found 595 marked UTF-8 strings
Flavors: r-devel-linux-x86_64-fedora-clang, r-devel-linux-x86_64-fedora-gcc, r-patched-solaris-x86, r-release-osx-x86_64, r-oldrel-osx-x86_64