CRAN Package Check Results for Package expose

Last updated on 2019-11-26 00:51:51 CET.

Flavor Version Tinstall Tcheck Ttotal Status Flags
r-devel-linux-x86_64-debian-clang 0.0.3 3.49 31.70 35.19 NOTE
r-devel-linux-x86_64-debian-gcc 0.0.3 2.73 26.04 28.77 NOTE
r-devel-linux-x86_64-fedora-clang 0.0.3 43.48 NOTE
r-devel-linux-x86_64-fedora-gcc 0.0.3 42.38 NOTE
r-devel-windows-ix86+x86_64 0.0.3 15.00 62.00 77.00 NOTE
r-devel-windows-ix86+x86_64-gcc8 0.0.3 8.00 44.00 52.00 NOTE
r-patched-linux-x86_64 0.0.3 2.97 31.94 34.91 OK
r-patched-solaris-x86 0.0.3 70.90 NOTE
r-release-linux-x86_64 0.0.3 3.23 31.83 35.06 OK
r-release-windows-ix86+x86_64 0.0.3 8.00 60.00 68.00 OK
r-release-osx-x86_64 0.0.3 NOTE
r-oldrel-windows-ix86+x86_64 0.0.3 5.00 60.00 65.00 OK
r-oldrel-osx-x86_64 0.0.3 NOTE

Check Details

Version: 0.0.3
Check: package vignettes
Result: NOTE
    Package vignette with placeholder title 'Vignette Title':
     'Vignette.Rmd'
Flavors: r-devel-linux-x86_64-debian-clang, r-devel-linux-x86_64-debian-gcc, r-devel-windows-ix86+x86_64, r-devel-windows-ix86+x86_64-gcc8

Version: 0.0.3
Check: dependencies in R code
Result: NOTE
    Namespaces in Imports field not imported from:
     ‘Matrix’ ‘RColorBrewer’ ‘Rcpp’ ‘e1071’ ‘foreach’ ‘gam’ ‘ggplot2’
     ‘glmnet’ ‘nnet’ ‘polspline’ ‘repmis’ ‘splines’ ‘xgboost’
     All declared Imports should be used.
Flavors: r-devel-linux-x86_64-fedora-clang, r-devel-linux-x86_64-fedora-gcc, r-patched-solaris-x86, r-release-osx-x86_64, r-oldrel-osx-x86_64