Last updated on 2019-11-26 00:51:51 CET.
Flavor | Version | Tinstall | Tcheck | Ttotal | Status | Flags |
---|---|---|---|---|---|---|
r-devel-linux-x86_64-debian-clang | 0.1.2 | 26.95 | 44.55 | 71.50 | OK | |
r-devel-linux-x86_64-debian-gcc | 0.1.2 | 20.24 | 33.86 | 54.10 | OK | |
r-devel-linux-x86_64-fedora-clang | 0.1.2 | 87.62 | NOTE | |||
r-devel-linux-x86_64-fedora-gcc | 0.1.2 | 85.72 | NOTE | |||
r-devel-windows-ix86+x86_64 | 0.1.2 | 80.00 | 167.00 | 247.00 | OK | |
r-devel-windows-ix86+x86_64-gcc8 | 0.1.2 | 59.00 | 124.00 | 183.00 | OK | |
r-patched-linux-x86_64 | 0.1.2 | 23.04 | 42.59 | 65.63 | OK | |
r-patched-solaris-x86 | 0.1.2 | 194.20 | OK | |||
r-release-linux-x86_64 | 0.1.2 | 24.27 | 43.12 | 67.39 | OK | |
r-release-windows-ix86+x86_64 | 0.1.2 | 64.00 | 112.00 | 176.00 | OK | |
r-release-osx-x86_64 | 0.1.2 | OK | ||||
r-oldrel-windows-ix86+x86_64 | 0.1.2 | 40.00 | 151.00 | 191.00 | OK | |
r-oldrel-osx-x86_64 | 0.1.2 | OK |
Version: 0.1.2
Check: compiled code
Result: NOTE
File ‘factorcpt/libs/factorcpt.so’:
Found no calls to: ‘R_registerRoutines’, ‘R_useDynamicSymbols’
It is good practice to register native routines and to disable symbol
search.
See ‘Writing portable packages’ in the ‘Writing R Extensions’ manual.
Flavors: r-devel-linux-x86_64-fedora-clang, r-devel-linux-x86_64-fedora-gcc