CRAN Package Check Results for Package far

Last updated on 2019-11-26 00:51:51 CET.

Flavor Version Tinstall Tcheck Ttotal Status Flags
r-devel-linux-x86_64-debian-clang 0.6-5 6.09 33.31 39.40 OK
r-devel-linux-x86_64-debian-gcc 0.6-5 4.58 25.97 30.55 OK
r-devel-linux-x86_64-fedora-clang 0.6-5 44.45 NOTE
r-devel-linux-x86_64-fedora-gcc 0.6-5 43.92 NOTE
r-devel-windows-ix86+x86_64 0.6-5 16.00 69.00 85.00 OK
r-devel-windows-ix86+x86_64-gcc8 0.6-5 15.00 54.00 69.00 OK
r-patched-linux-x86_64 0.6-5 6.12 31.97 38.09 OK
r-patched-solaris-x86 0.6-5 60.40 OK
r-release-linux-x86_64 0.6-5 5.57 32.51 38.08 OK
r-release-windows-ix86+x86_64 0.6-5 14.00 51.00 65.00 OK
r-release-osx-x86_64 0.6-5 OK
r-oldrel-windows-ix86+x86_64 0.6-5 7.00 61.00 68.00 OK
r-oldrel-osx-x86_64 0.6-5 OK

Check Details

Version: 0.6-5
Check: compiled code
Result: NOTE
    File ‘far/libs/far.so’:
     Found no calls to: ‘R_registerRoutines’, ‘R_useDynamicSymbols’
    
    It is good practice to register native routines and to disable symbol
    search.
    
    See ‘Writing portable packages’ in the ‘Writing R Extensions’ manual.
Flavors: r-devel-linux-x86_64-fedora-clang, r-devel-linux-x86_64-fedora-gcc