Last updated on 2019-11-26 00:51:51 CET.
Flavor | Version | Tinstall | Tcheck | Ttotal | Status | Flags |
---|---|---|---|---|---|---|
r-devel-linux-x86_64-debian-clang | 1.1 | 36.35 | 122.92 | 159.27 | OK | |
r-devel-linux-x86_64-debian-gcc | 1.1 | 27.25 | 96.07 | 123.32 | OK | |
r-devel-linux-x86_64-fedora-clang | 1.1 | 183.71 | NOTE | |||
r-devel-linux-x86_64-fedora-gcc | 1.1 | 182.11 | NOTE | |||
r-devel-windows-ix86+x86_64 | 1.1 | 134.00 | 258.00 | 392.00 | OK | |
r-devel-windows-ix86+x86_64-gcc8 | 1.1 | 90.00 | 192.00 | 282.00 | OK | |
r-patched-linux-x86_64 | 1.1 | 32.04 | 115.31 | 147.35 | OK | |
r-patched-solaris-x86 | 1.1 | 281.00 | NOTE | |||
r-release-linux-x86_64 | 1.1 | 29.55 | 118.04 | 147.59 | OK | |
r-release-windows-ix86+x86_64 | 1.1 | 110.00 | 183.00 | 293.00 | OK | |
r-release-osx-x86_64 | 1.1 | WARN | ||||
r-oldrel-windows-ix86+x86_64 | 1.1 | 76.00 | 170.00 | 246.00 | OK | |
r-oldrel-osx-x86_64 | 1.1 | WARN |
Version: 1.1
Check: dependencies in R code
Result: NOTE
Namespace in Imports field not imported from: ‘RcppProgress’
All declared Imports should be used.
Flavors: r-devel-linux-x86_64-fedora-clang, r-devel-linux-x86_64-fedora-gcc, r-patched-solaris-x86, r-release-osx-x86_64, r-oldrel-osx-x86_64
Version: 1.1
Check: whether package can be installed
Result: WARN
Found the following significant warnings:
Warning: 'rgl_init' failed, running with rgl.useNULL = TRUE
Flavors: r-release-osx-x86_64, r-oldrel-osx-x86_64