CRAN Package Check Results for Package flowDiv

Last updated on 2019-11-26 00:51:51 CET.

Flavor Version Tinstall Tcheck Ttotal Status Flags
r-devel-linux-x86_64-debian-clang 2.0 0.38 2.11 2.49 ERROR
r-devel-linux-x86_64-debian-gcc 2.0 0.28 1.71 1.99 ERROR
r-devel-linux-x86_64-fedora-clang 2.0 2.15 ERROR
r-devel-linux-x86_64-fedora-gcc 2.0 2.07 ERROR
r-devel-windows-ix86+x86_64 2.0 57.00 190.00 247.00 NOTE
r-devel-windows-ix86+x86_64-gcc8 2.0 1.00 6.00 7.00 ERROR
r-patched-linux-x86_64 2.0 15.07 121.63 136.70 NOTE
r-patched-solaris-x86 2.0 237.70 WARN
r-release-linux-x86_64 2.0 16.49 133.71 150.20 NOTE
r-release-windows-ix86+x86_64 2.0 47.00 132.00 179.00 NOTE
r-release-osx-x86_64 2.0 NOTE
r-oldrel-windows-ix86+x86_64 2.0 22.00 183.00 205.00 OK
r-oldrel-osx-x86_64 2.0 ERROR

Check Details

Version: 2.0
Check: package dependencies
Result: ERROR
    Package required but not available: 'flowWorkspace'
    
    See section 'The DESCRIPTION file' in the 'Writing R Extensions'
    manual.
Flavors: r-devel-linux-x86_64-debian-clang, r-devel-linux-x86_64-debian-gcc, r-devel-linux-x86_64-fedora-clang, r-devel-linux-x86_64-fedora-gcc, r-devel-windows-ix86+x86_64-gcc8, r-oldrel-osx-x86_64

Version: 2.0
Check: R code for possible problems
Result: NOTE
    opc : <anonymous>: no visible global function definition for
     'parseWorkspace'
    opc : <anonymous>: no visible global function definition for
     'closeWorkspace'
    Undefined global functions or variables:
     closeWorkspace parseWorkspace
Flavors: r-devel-windows-ix86+x86_64, r-patched-linux-x86_64, r-patched-solaris-x86, r-release-linux-x86_64, r-release-windows-ix86+x86_64, r-release-osx-x86_64

Version: 2.0
Check: whether package can be installed
Result: WARN
    Found the following significant warnings:
     Warning: namespace ‘rrcov’ is not available and has been replaced
     Warning: namespace ‘robustbase’ is not available and has been replaced
Flavor: r-patched-solaris-x86