Last updated on 2019-11-26 00:51:51 CET.
Flavor | Version | Tinstall | Tcheck | Ttotal | Status | Flags |
---|---|---|---|---|---|---|
r-devel-linux-x86_64-debian-clang | 1.4.7 | 2.48 | 40.81 | 43.29 | OK | |
r-devel-linux-x86_64-debian-gcc | 1.4.7 | 2.14 | 31.95 | 34.09 | OK | |
r-devel-linux-x86_64-fedora-clang | 1.4.7 | 51.27 | OK | |||
r-devel-linux-x86_64-fedora-gcc | 1.4.7 | 50.80 | OK | |||
r-devel-windows-ix86+x86_64 | 1.4.7 | 10.00 | 130.00 | 140.00 | NOTE | |
r-devel-windows-ix86+x86_64-gcc8 | 1.4.7 | 9.00 | 120.00 | 129.00 | NOTE | |
r-patched-linux-x86_64 | 1.4.7 | 2.63 | 39.91 | 42.54 | OK | |
r-patched-solaris-x86 | 1.4.7 | 56.20 | OK | |||
r-release-linux-x86_64 | 1.4.7 | 2.32 | 39.75 | 42.07 | OK | |
r-release-windows-ix86+x86_64 | 1.4.7 | 13.00 | 120.00 | 133.00 | NOTE | |
r-release-osx-x86_64 | 1.4.7 | OK | ||||
r-oldrel-windows-ix86+x86_64 | 1.4.7 | 4.00 | 133.00 | 137.00 | ERROR | |
r-oldrel-osx-x86_64 | 1.4.7 | OK |
Version: 1.4.7
Check: package dependencies
Result: NOTE
Package which this enhances but not available for checking: 'doMC'
Flavors: r-devel-windows-ix86+x86_64, r-devel-windows-ix86+x86_64-gcc8, r-release-windows-ix86+x86_64, r-oldrel-windows-ix86+x86_64
Version: 1.4.7
Check: re-building of vignette outputs
Result: WARN
Error in re-building vignettes:
...
Warning: executing %dopar% sequentially: no parallel backend registered
randomForest 4.6-14
Type rfNews() to see new features/changes/bug fixes.
Warning in system(paste(shQuote(texi2dvi), if (quiet) "--quiet" else "", :
running command '"D:\compiler\texmf\miktex\bin\texify.exe" --quiet --pdf "foreach.tex" --max-iterations=20 -I "D:/RCompile/recent/R-3.5.3/share/texmf/tex/latex" -I "D:/RCompile/recent/R-3.5.3/share/texmf/bibtex/bst"' had status 1
Execution halted
Flavor: r-oldrel-windows-ix86+x86_64
Version: 1.4.7
Check: PDF version of manual
Result: ERROR
Rd conversion errors:
Warning in close.connection(con) :
Problem closing connection: No space left on device
Warning in close.connection(con) :
Problem closing connection: No space left on device
Warning in file(out, "wt") :
cannot open file 'D:\temp\RtmpIbrowK\ltx2fe1444867ce8/foreach.tex': No space left on device
Error in file(out, "wt") : cannot open the connection
Flavor: r-oldrel-windows-ix86+x86_64