CRAN Package Check Results for Package fts

Last updated on 2019-11-26 00:51:52 CET.

Flavor Version Tinstall Tcheck Ttotal Status Flags
r-devel-linux-x86_64-debian-clang 0.9.9.2 34.87 23.71 58.58 OK
r-devel-linux-x86_64-debian-gcc 0.9.9.2 28.38 19.14 47.52 OK
r-devel-linux-x86_64-fedora-clang 0.9.9.2 73.82 NOTE
r-devel-linux-x86_64-fedora-gcc 0.9.9.2 77.28 NOTE
r-devel-windows-ix86+x86_64 0.9.9.2 92.00 74.00 166.00 OK
r-devel-windows-ix86+x86_64-gcc8 0.9.9.2 89.00 49.00 138.00 OK
r-patched-linux-x86_64 0.9.9.2 27.61 23.08 50.69 OK
r-patched-solaris-x86 0.9.9.2 104.70 OK
r-release-linux-x86_64 0.9.9.2 28.21 23.07 51.28 OK
r-release-windows-ix86+x86_64 0.9.9.2 76.00 73.00 149.00 OK
r-release-osx-x86_64 0.9.9.2 OK
r-oldrel-windows-ix86+x86_64 0.9.9.2 56.00 65.00 121.00 OK
r-oldrel-osx-x86_64 0.9.9.2 OK

Additional issues

clang-UBSAN gcc-UBSAN

Check Details

Version: 0.9.9.2
Check: compiled code
Result: NOTE
    File ‘fts/libs/fts.so’:
     Found no calls to: ‘R_registerRoutines’, ‘R_useDynamicSymbols’
    
    It is good practice to register native routines and to disable symbol
    search.
    
    See ‘Writing portable packages’ in the ‘Writing R Extensions’ manual.
Flavors: r-devel-linux-x86_64-fedora-clang, r-devel-linux-x86_64-fedora-gcc