CRAN Package Check Results for Package functional

Last updated on 2019-11-26 00:51:52 CET.

Flavor Version Tinstall Tcheck Ttotal Status Flags
r-devel-linux-x86_64-debian-clang 0.6 1.86 17.32 19.18 NOTE
r-devel-linux-x86_64-debian-gcc 0.6 1.44 14.35 15.79 NOTE
r-devel-linux-x86_64-fedora-clang 0.6 23.22 NOTE
r-devel-linux-x86_64-fedora-gcc 0.6 22.69 NOTE
r-devel-windows-ix86+x86_64 0.6 5.00 28.00 33.00 NOTE
r-devel-windows-ix86+x86_64-gcc8 0.6 6.00 26.00 32.00 NOTE
r-patched-linux-x86_64 0.6 1.56 16.90 18.46 NOTE
r-patched-solaris-x86 0.6 34.00 NOTE
r-release-linux-x86_64 0.6 1.54 17.01 18.55 NOTE
r-release-windows-ix86+x86_64 0.6 3.00 43.00 46.00 NOTE
r-release-osx-x86_64 0.6 NOTE
r-oldrel-windows-ix86+x86_64 0.6 2.00 24.00 26.00 NOTE
r-oldrel-osx-x86_64 0.6 NOTE

Check Details

Version: 0.6
Check: DESCRIPTION meta-information
Result: NOTE
    Malformed Description field: should contain one or more complete sentences.
Flavors: r-devel-linux-x86_64-debian-clang, r-devel-linux-x86_64-debian-gcc, r-devel-linux-x86_64-fedora-clang, r-devel-linux-x86_64-fedora-gcc, r-devel-windows-ix86+x86_64, r-devel-windows-ix86+x86_64-gcc8, r-patched-linux-x86_64, r-patched-solaris-x86, r-release-linux-x86_64, r-release-windows-ix86+x86_64, r-release-osx-x86_64, r-oldrel-windows-ix86+x86_64, r-oldrel-osx-x86_64