Last updated on 2019-11-26 00:51:52 CET.
Flavor | Version | Tinstall | Tcheck | Ttotal | Status | Flags |
---|---|---|---|---|---|---|
r-devel-linux-x86_64-debian-clang | 0.4.4 | 668.75 | 134.34 | 803.09 | NOTE | |
r-devel-linux-x86_64-debian-gcc | 0.4.4 | 658.01 | 136.11 | 794.12 | NOTE | |
r-devel-linux-x86_64-fedora-clang | 0.4.4 | 1095.95 | NOTE | |||
r-devel-linux-x86_64-fedora-gcc | 0.4.4 | 1324.22 | NOTE | |||
r-devel-windows-ix86+x86_64 | 0.4.4 | 1521.00 | 317.00 | 1838.00 | NOTE | |
r-devel-windows-ix86+x86_64-gcc8 | 0.4.4 | 1201.00 | 268.00 | 1469.00 | NOTE | |
r-patched-linux-x86_64 | 0.4.4 | 680.48 | 159.36 | 839.84 | NOTE | |
r-patched-solaris-x86 | 0.4.4 | 1043.60 | NOTE | |||
r-release-linux-x86_64 | 0.4.4 | 686.13 | 162.29 | 848.42 | NOTE | |
r-release-windows-ix86+x86_64 | 0.4.4 | 1555.00 | 240.00 | 1795.00 | NOTE | |
r-release-osx-x86_64 | 0.4.4 | NOTE | ||||
r-oldrel-windows-ix86+x86_64 | 0.4.4 | 1039.00 | 229.00 | 1268.00 | NOTE | |
r-oldrel-osx-x86_64 | 0.4.4 | NOTE |
Version: 0.4.4
Check: for GNU extensions in Makefiles
Result: NOTE
GNU make is a SystemRequirements.
Flavors: r-devel-linux-x86_64-debian-clang, r-devel-linux-x86_64-debian-gcc, r-devel-linux-x86_64-fedora-clang, r-devel-linux-x86_64-fedora-gcc, r-devel-windows-ix86+x86_64, r-devel-windows-ix86+x86_64-gcc8, r-patched-linux-x86_64, r-patched-solaris-x86, r-release-linux-x86_64, r-release-windows-ix86+x86_64, r-release-osx-x86_64, r-oldrel-windows-ix86+x86_64, r-oldrel-osx-x86_64
Version: 0.4.4
Check: installed package size
Result: NOTE
installed size is 106.1Mb
sub-directories of 1Mb or more:
libs 105.7Mb
Flavors: r-devel-linux-x86_64-fedora-clang, r-devel-windows-ix86+x86_64, r-devel-windows-ix86+x86_64-gcc8, r-patched-solaris-x86, r-release-windows-ix86+x86_64, r-release-osx-x86_64, r-oldrel-windows-ix86+x86_64, r-oldrel-osx-x86_64
Version: 0.4.4
Check: dependencies in R code
Result: NOTE
Namespaces in Imports field not imported from:
‘methods’ ‘rstantools’
All declared Imports should be used.
Flavors: r-devel-linux-x86_64-fedora-clang, r-devel-linux-x86_64-fedora-gcc, r-patched-solaris-x86, r-release-osx-x86_64, r-oldrel-osx-x86_64