Last updated on 2019-11-26 00:51:52 CET.
Flavor | Version | Tinstall | Tcheck | Ttotal | Status | Flags |
---|---|---|---|---|---|---|
r-devel-linux-x86_64-debian-clang | 1.0.1 | 4.36 | 33.85 | 38.21 | OK | |
r-devel-linux-x86_64-debian-gcc | 1.0.1 | 3.39 | 27.13 | 30.52 | OK | |
r-devel-linux-x86_64-fedora-clang | 1.0.1 | 43.61 | NOTE | |||
r-devel-linux-x86_64-fedora-gcc | 1.0.1 | 43.23 | NOTE | |||
r-devel-windows-ix86+x86_64-gcc8 | 1.0.1 | 14.00 | 86.00 | 100.00 | OK | |
r-patched-linux-x86_64 | 1.0.1 | 4.18 | 32.41 | 36.59 | OK | |
r-patched-solaris-x86 | 1.0.1 | 64.70 | NOTE | |||
r-release-linux-x86_64 | 1.0.1 | 3.27 | 33.06 | 36.33 | OK | |
r-release-windows-ix86+x86_64 | 1.0.1 | 8.00 | 63.00 | 71.00 | OK | |
r-release-osx-x86_64 | 1.0.1 | NOTE | ||||
r-oldrel-windows-ix86+x86_64 | 1.0.1 | 5.00 | 55.00 | 60.00 | OK | |
r-oldrel-osx-x86_64 | 1.0.1 | NOTE |
Version: 1.0.1
Check: dependencies in R code
Result: NOTE
Namespaces in Imports field not imported from:
‘ggplot2’ ‘pracma’ ‘rlang’
All declared Imports should be used.
Flavors: r-devel-linux-x86_64-fedora-clang, r-devel-linux-x86_64-fedora-gcc, r-patched-solaris-x86, r-release-osx-x86_64, r-oldrel-osx-x86_64