CRAN Package Check Results for Package geometry

Last updated on 2019-11-26 00:51:52 CET.

Flavor Version Tinstall Tcheck Ttotal Status Flags
r-devel-linux-x86_64-debian-clang 0.4.4 40.08 50.57 90.65 OK
r-devel-linux-x86_64-debian-gcc 0.4.4 26.71 40.67 67.38 OK
r-devel-linux-x86_64-fedora-clang 0.4.4 111.85 OK
r-devel-linux-x86_64-fedora-gcc 0.4.4 104.14 OK
r-devel-windows-ix86+x86_64 0.4.4 118.00 124.00 242.00 OK
r-devel-windows-ix86+x86_64-gcc8 0.4.4 116.00 120.00 236.00 OK
r-patched-linux-x86_64 0.4.4 28.95 49.35 78.30 OK
r-patched-solaris-x86 0.4.4 131.80 OK
r-release-linux-x86_64 0.4.4 30.26 51.04 81.30 OK
r-release-windows-ix86+x86_64 0.4.4 116.00 121.00 237.00 OK
r-release-osx-x86_64 0.4.4 NOTE
r-oldrel-windows-ix86+x86_64 0.4.4 82.00 153.00 235.00 OK
r-oldrel-osx-x86_64 0.4.4 NOTE

Check Details

Version: 0.4.4
Check: dependencies in R code
Result: NOTE
    No protocol specified
Flavors: r-release-osx-x86_64, r-oldrel-osx-x86_64