CRAN Package Check Results for Package ggExtra

Last updated on 2019-11-26 00:51:52 CET.

Flavor Version Tinstall Tcheck Ttotal Status Flags
r-devel-linux-x86_64-debian-clang 0.9 5.39 45.36 50.75 OK
r-devel-linux-x86_64-debian-gcc 0.9 4.45 36.71 41.16 OK
r-devel-linux-x86_64-fedora-clang 0.9 57.95 NOTE
r-devel-linux-x86_64-fedora-gcc 0.9 57.52 NOTE
r-devel-windows-ix86+x86_64 0.9 24.00 92.00 116.00 OK
r-devel-windows-ix86+x86_64-gcc8 0.9 12.00 58.00 70.00 OK
r-patched-linux-x86_64 0.9 3.98 43.70 47.68 OK
r-patched-solaris-x86 0.9 86.40 NOTE
r-release-linux-x86_64 0.9 4.66 44.11 48.77 OK
r-release-windows-ix86+x86_64 0.9 13.00 58.00 71.00 OK
r-release-osx-x86_64 0.9 NOTE
r-oldrel-windows-ix86+x86_64 0.9 5.00 57.00 62.00 OK
r-oldrel-osx-x86_64 0.9 NOTE

Check Details

Version: 0.9
Check: dependencies in R code
Result: NOTE
    Namespaces in Imports field not imported from:
     ‘R6’ ‘grDevices’ ‘scales’ ‘utils’
     All declared Imports should be used.
Flavors: r-devel-linux-x86_64-fedora-clang, r-devel-linux-x86_64-fedora-gcc, r-patched-solaris-x86, r-release-osx-x86_64, r-oldrel-osx-x86_64