Last updated on 2019-11-26 00:51:52 CET.
Flavor | Version | Tinstall | Tcheck | Ttotal | Status | Flags |
---|---|---|---|---|---|---|
r-devel-linux-x86_64-debian-clang | 0.4.0 | 9.04 | 103.00 | 112.04 | OK | |
r-devel-linux-x86_64-debian-gcc | 0.4.0 | 6.85 | 78.63 | 85.48 | OK | |
r-devel-linux-x86_64-fedora-clang | 0.4.0 | 121.85 | NOTE | |||
r-devel-linux-x86_64-fedora-gcc | 0.4.0 | 121.47 | NOTE | |||
r-devel-windows-ix86+x86_64 | 0.4.0 | 37.00 | 169.00 | 206.00 | OK | |
r-devel-windows-ix86+x86_64-gcc8 | 0.4.0 | 20.00 | 107.00 | 127.00 | OK | |
r-patched-linux-x86_64 | 0.4.0 | 8.36 | 96.69 | 105.05 | OK | |
r-patched-solaris-x86 | 0.4.0 | 167.90 | NOTE | |||
r-release-linux-x86_64 | 0.4.0 | 8.18 | 97.62 | 105.80 | OK | |
r-release-windows-ix86+x86_64 | 0.4.0 | 29.00 | 153.00 | 182.00 | OK | |
r-release-osx-x86_64 | 0.4.0 | NOTE | ||||
r-oldrel-windows-ix86+x86_64 | 0.4.0 | 11.00 | 106.00 | 117.00 | OK | |
r-oldrel-osx-x86_64 | 0.4.0 | NOTE |
Version: 0.4.0
Check: dependencies in R code
Result: NOTE
Namespace in Imports field not imported from: ‘plotly’
All declared Imports should be used.
Flavors: r-devel-linux-x86_64-fedora-clang, r-devel-linux-x86_64-fedora-gcc, r-patched-solaris-x86, r-release-osx-x86_64, r-oldrel-osx-x86_64