CRAN Package Check Results for Package ggedit

Last updated on 2019-11-26 00:51:52 CET.

Flavor Version Tinstall Tcheck Ttotal Status Flags
r-devel-linux-x86_64-debian-clang 0.3.0 10.86 73.74 84.60 OK
r-devel-linux-x86_64-debian-gcc 0.3.0 8.82 58.88 67.70 OK
r-devel-linux-x86_64-fedora-clang 0.3.0 92.03 NOTE
r-devel-linux-x86_64-fedora-gcc 0.3.0 90.65 NOTE
r-devel-windows-ix86+x86_64 0.3.0 35.00 121.00 156.00 OK
r-devel-windows-ix86+x86_64-gcc8 0.3.0 21.00 83.00 104.00 OK
r-patched-linux-x86_64 0.3.0 8.79 68.98 77.77 OK
r-patched-solaris-x86 0.3.0 122.50 NOTE
r-release-linux-x86_64 0.3.0 9.46 70.03 79.49 OK
r-release-windows-ix86+x86_64 0.3.0 26.00 88.00 114.00 OK
r-release-osx-x86_64 0.3.0 NOTE
r-oldrel-windows-ix86+x86_64 0.3.0 12.00 78.00 90.00 OK
r-oldrel-osx-x86_64 0.3.0 NOTE

Check Details

Version: 0.3.0
Check: dependencies in R code
Result: NOTE
    Namespace in Imports field not imported from: ‘magrittr’
     All declared Imports should be used.
Flavors: r-devel-linux-x86_64-fedora-clang, r-devel-linux-x86_64-fedora-gcc, r-patched-solaris-x86, r-release-osx-x86_64, r-oldrel-osx-x86_64