Last updated on 2019-11-26 00:51:52 CET.
Flavor | Version | Tinstall | Tcheck | Ttotal | Status | Flags |
---|---|---|---|---|---|---|
r-devel-linux-x86_64-debian-clang | 0.0.2 | 3.53 | 72.98 | 76.51 | OK | |
r-devel-linux-x86_64-debian-gcc | 0.0.2 | 3.21 | 58.13 | 61.34 | OK | |
r-devel-linux-x86_64-fedora-clang | 0.0.2 | 84.21 | NOTE | |||
r-devel-linux-x86_64-fedora-gcc | 0.0.2 | 81.79 | NOTE | |||
r-devel-windows-ix86+x86_64 | 0.0.2 | 20.00 | 119.00 | 139.00 | OK | |
r-devel-windows-ix86+x86_64-gcc8 | 0.0.2 | 14.00 | 77.00 | 91.00 | OK | |
r-patched-linux-x86_64 | 0.0.2 | 3.08 | 67.92 | 71.00 | OK | |
r-patched-solaris-x86 | 0.0.2 | 119.10 | NOTE | |||
r-release-linux-x86_64 | 0.0.2 | 3.01 | 69.49 | 72.50 | OK | |
r-release-windows-ix86+x86_64 | 0.0.2 | 19.00 | 86.00 | 105.00 | OK | |
r-release-osx-x86_64 | 0.0.2 | NOTE | ||||
r-oldrel-windows-ix86+x86_64 | 0.0.2 | 8.00 | 112.00 | 120.00 | WARN | |
r-oldrel-osx-x86_64 | 0.0.2 | NOTE |
Version: 0.0.2
Check: dependencies in R code
Result: NOTE
Namespace in Imports field not imported from: ‘tibble’
All declared Imports should be used.
Flavors: r-devel-linux-x86_64-fedora-clang, r-devel-linux-x86_64-fedora-gcc, r-patched-solaris-x86, r-release-osx-x86_64, r-oldrel-osx-x86_64
Version: 0.0.2
Check: whether package can be installed
Result: WARN
Found the following significant warnings:
Warning: S3 methods '[.fun_list', '[.grouped_df', 'all.equal.tbl_df', 'anti_join.data.frame', 'anti_join.tbl_df', 'arrange.data.frame', 'arrange.default', 'arrange.grouped_df', 'arrange.tbl_df', 'arrange_.data.frame', 'arrange_.tbl_df', 'as.data.frame.grouped_df', 'as.data.frame.rowwise_df', 'as.data.frame.tbl_cube', 'as.table.tbl_cube', 'as.tbl.data.frame', 'as.tbl.tbl', 'as.tbl_cube.array', 'as.tbl_cube.data.frame', 'as.tbl_cube.matrix', 'as.tbl_cube.table', 'as_tibble.grouped_df', 'as_tibble.tbl_cube', 'auto_copy.tbl_cube', 'auto_copy.tbl_df', 'cbind.grouped_df', 'collapse.data.frame', 'collect.data.frame', 'common_by.NULL', 'common_by.character', 'common_by.default', 'common_by.list', 'compute.data.frame', 'copy_to.DBIConnection', 'copy_to.src_local', 'default_missing.data.frame', 'default_missing.default', 'dim.tbl_cube', 'distinct.data.frame', 'distinct.default', 'distinct.grouped_df', 'distinct.tbl_df', 'distinct_.data.frame', 'distinct_.grouped_df', 'distinct_.tbl_df', 'do.NULL', 'do.da [... truncated]
Flavor: r-oldrel-windows-ix86+x86_64