Last updated on 2019-11-26 00:51:53 CET.
Flavor | Version | Tinstall | Tcheck | Ttotal | Status | Flags |
---|---|---|---|---|---|---|
r-devel-linux-x86_64-debian-clang | 0.26.1 | 16.81 | 56.94 | 73.75 | OK | |
r-devel-linux-x86_64-debian-gcc | 0.26.1 | 10.96 | 44.81 | 55.77 | OK | |
r-devel-linux-x86_64-fedora-clang | 0.26.1 | 88.97 | OK | |||
r-devel-linux-x86_64-fedora-gcc | 0.26.1 | 86.05 | OK | |||
r-devel-windows-ix86+x86_64 | 0.26.1 | 112.00 | 366.00 | 478.00 | NOTE | |
r-devel-windows-ix86+x86_64-gcc8 | 0.26.1 | 91.00 | 203.00 | 294.00 | NOTE | |
r-patched-linux-x86_64 | 0.26.1 | 12.24 | 55.55 | 67.79 | OK | |
r-patched-solaris-x86 | 0.26.1 | 308.20 | OK | |||
r-release-linux-x86_64 | 0.26.1 | 12.24 | 55.53 | 67.77 | OK | |
r-release-windows-ix86+x86_64 | 0.26.1 | 120.00 | 215.00 | 335.00 | NOTE | |
r-release-osx-x86_64 | 0.26.1 | OK | ||||
r-oldrel-windows-ix86+x86_64 | 0.26.1 | 66.00 | 301.00 | 367.00 | NOTE | |
r-oldrel-osx-x86_64 | 0.26.1 | OK |
Version: 0.26.1
Check: installed package size
Result: NOTE
installed size is 6.3Mb
sub-directories of 1Mb or more:
libs 5.8Mb
Flavors: r-devel-windows-ix86+x86_64, r-devel-windows-ix86+x86_64-gcc8, r-release-windows-ix86+x86_64, r-oldrel-windows-ix86+x86_64