Last updated on 2019-11-26 00:51:53 CET.
Flavor | Version | Tinstall | Tcheck | Ttotal | Status | Flags |
---|---|---|---|---|---|---|
r-devel-linux-x86_64-debian-clang | 1.1.6 | 4.75 | 40.71 | 45.46 | NOTE | |
r-devel-linux-x86_64-debian-gcc | 1.1.6 | 3.66 | 31.07 | 34.73 | NOTE | |
r-devel-linux-x86_64-fedora-clang | 1.1.6 | 53.42 | NOTE | |||
r-devel-linux-x86_64-fedora-gcc | 1.1.6 | 51.71 | NOTE | |||
r-devel-windows-ix86+x86_64 | 1.1.6 | 28.00 | 78.00 | 106.00 | OK | |
r-devel-windows-ix86+x86_64-gcc8 | 1.1.6 | 12.00 | 59.00 | 71.00 | OK | |
r-patched-linux-x86_64 | 1.1.6 | 4.35 | 38.50 | 42.85 | OK | |
r-patched-solaris-x86 | 1.1.6 | 78.30 | OK | |||
r-release-linux-x86_64 | 1.1.6 | 4.26 | 38.58 | 42.84 | OK | |
r-release-windows-ix86+x86_64 | 1.1.6 | 19.00 | 54.00 | 73.00 | OK | |
r-release-osx-x86_64 | 1.1.6 | OK | ||||
r-oldrel-windows-ix86+x86_64 | 1.1.6 | 9.00 | 74.00 | 83.00 | OK | |
r-oldrel-osx-x86_64 | 1.1.6 | OK |
Version: 1.1.6
Check: for non-standard things in the check directory
Result: NOTE
Found the following files/directories:
'.gitlab-ci.yml'
Flavors: r-devel-linux-x86_64-debian-clang, r-devel-linux-x86_64-debian-gcc, r-devel-linux-x86_64-fedora-clang, r-devel-linux-x86_64-fedora-gcc