Last updated on 2019-11-26 00:51:53 CET.
Flavor | Version | Tinstall | Tcheck | Ttotal | Status | Flags |
---|---|---|---|---|---|---|
r-devel-linux-x86_64-debian-clang | 1.1.7 | 104.71 | 283.06 | 387.77 | OK | |
r-devel-linux-x86_64-debian-gcc | 1.1.7 | 102.18 | 217.92 | 320.10 | OK | |
r-devel-linux-x86_64-fedora-clang | 1.1.7 | 481.09 | NOTE | |||
r-devel-linux-x86_64-fedora-gcc | 1.1.7 | 497.00 | OK | |||
r-devel-windows-ix86+x86_64 | 1.1.7 | 208.00 | 561.00 | 769.00 | NOTE | |
r-devel-windows-ix86+x86_64-gcc8 | 1.1.7 | 174.00 | 467.00 | 641.00 | NOTE | |
r-patched-linux-x86_64 | 1.1.7 | 100.90 | 282.76 | 383.66 | OK | |
r-patched-solaris-x86 | 1.1.7 | 619.50 | OK | |||
r-release-linux-x86_64 | 1.1.7 | 100.01 | 287.54 | 387.55 | OK | |
r-release-windows-ix86+x86_64 | 1.1.7 | 196.00 | 439.00 | 635.00 | NOTE | |
r-release-osx-x86_64 | 1.1.7 | NOTE | ||||
r-oldrel-windows-ix86+x86_64 | 1.1.7 | 131.00 | 389.00 | 520.00 | NOTE | |
r-oldrel-osx-x86_64 | 1.1.7 | NOTE |
Version: 1.1.7
Check: installed package size
Result: NOTE
installed size is 28.0Mb
sub-directories of 1Mb or more:
libs 26.9Mb
Flavors: r-devel-linux-x86_64-fedora-clang, r-devel-windows-ix86+x86_64, r-devel-windows-ix86+x86_64-gcc8, r-release-windows-ix86+x86_64, r-release-osx-x86_64, r-oldrel-windows-ix86+x86_64, r-oldrel-osx-x86_64