CRAN Package Check Results for Package gplm

Last updated on 2019-11-26 00:51:53 CET.

Flavor Version Tinstall Tcheck Ttotal Status Flags
r-devel-linux-x86_64-debian-clang 0.7-4 11.81 90.69 102.50 OK
r-devel-linux-x86_64-debian-gcc 0.7-4 9.39 71.22 80.61 OK
r-devel-linux-x86_64-fedora-clang 0.7-4 116.61 NOTE
r-devel-linux-x86_64-fedora-gcc 0.7-4 115.84 NOTE
r-devel-windows-ix86+x86_64 0.7-4 48.00 210.00 258.00 OK
r-devel-windows-ix86+x86_64-gcc8 0.7-4 27.00 140.00 167.00 OK
r-patched-linux-x86_64 0.7-4 10.01 86.93 96.94 OK
r-patched-solaris-x86 0.7-4 162.20 OK
r-release-linux-x86_64 0.7-4 10.42 88.42 98.84 OK
r-release-windows-ix86+x86_64 0.7-4 38.00 192.00 230.00 OK
r-release-osx-x86_64 0.7-4 OK
r-oldrel-windows-ix86+x86_64 0.7-4 12.00 173.00 185.00 OK
r-oldrel-osx-x86_64 0.7-4 OK

Check Details

Version: 0.7-4
Check: compiled code
Result: NOTE
    File ‘gplm/libs/gplm.so’:
     Found no calls to: ‘R_registerRoutines’, ‘R_useDynamicSymbols’
    
    It is good practice to register native routines and to disable symbol
    search.
    
    See ‘Writing portable packages’ in the ‘Writing R Extensions’ manual.
Flavors: r-devel-linux-x86_64-fedora-clang, r-devel-linux-x86_64-fedora-gcc