Last updated on 2019-11-26 00:51:53 CET.
Flavor | Version | Tinstall | Tcheck | Ttotal | Status | Flags |
---|---|---|---|---|---|---|
r-devel-linux-x86_64-debian-clang | 0.1.1 | 3.92 | 43.01 | 46.93 | NOTE | |
r-devel-linux-x86_64-debian-gcc | 0.1.1 | 3.78 | 33.35 | 37.13 | NOTE | |
r-devel-linux-x86_64-fedora-clang | 0.1.1 | 52.87 | NOTE | |||
r-devel-linux-x86_64-fedora-gcc | 0.1.1 | 52.19 | NOTE | |||
r-devel-windows-ix86+x86_64 | 0.1.1 | 29.00 | 79.00 | 108.00 | NOTE | |
r-devel-windows-ix86+x86_64-gcc8 | 0.1.1 | 12.00 | 60.00 | 72.00 | NOTE | |
r-patched-linux-x86_64 | 0.1.1 | 3.91 | 40.39 | 44.30 | NOTE | |
r-patched-solaris-x86 | 0.1.1 | 73.80 | NOTE | |||
r-release-linux-x86_64 | 0.1.1 | 3.48 | 40.97 | 44.45 | NOTE | |
r-release-windows-ix86+x86_64 | 0.1.1 | 20.00 | 58.00 | 78.00 | NOTE | |
r-release-osx-x86_64 | 0.1.1 | NOTE | ||||
r-oldrel-windows-ix86+x86_64 | 0.1.1 | 8.00 | 77.00 | 85.00 | NOTE | |
r-oldrel-osx-x86_64 | 0.1.1 | NOTE |
Version: 0.1.1
Check: DESCRIPTION meta-information
Result: NOTE
Malformed Description field: should contain one or more complete sentences.
Checking should be performed on sources prepared by 'R CMD build'.
Flavors: r-devel-linux-x86_64-debian-clang, r-devel-linux-x86_64-debian-gcc, r-devel-linux-x86_64-fedora-clang, r-devel-linux-x86_64-fedora-gcc, r-devel-windows-ix86+x86_64, r-devel-windows-ix86+x86_64-gcc8, r-patched-linux-x86_64, r-patched-solaris-x86, r-release-linux-x86_64, r-release-windows-ix86+x86_64, r-release-osx-x86_64, r-oldrel-windows-ix86+x86_64, r-oldrel-osx-x86_64
Version: 0.1.1
Check: dependencies in R code
Result: NOTE
Packages in Depends field not imported from:
'foreach' 'ggplot2' 'isotone' 'plyr'
These packages need to be imported from (in the NAMESPACE file)
for when this namespace is loaded but not attached.
Flavors: r-devel-linux-x86_64-debian-clang, r-devel-linux-x86_64-debian-gcc, r-devel-linux-x86_64-fedora-clang, r-devel-linux-x86_64-fedora-gcc, r-devel-windows-ix86+x86_64, r-devel-windows-ix86+x86_64-gcc8, r-patched-linux-x86_64, r-patched-solaris-x86, r-release-linux-x86_64, r-release-windows-ix86+x86_64, r-release-osx-x86_64, r-oldrel-windows-ix86+x86_64, r-oldrel-osx-x86_64
Version: 0.1.1
Check: R code for possible problems
Result: NOTE
decompose_monotone: no visible global function definition for '%dopar%'
decompose_monotone: no visible global function definition for 'foreach'
decompose_monotone: no visible global function definition for '%do%'
decompose_monotone_single: no visible global function definition for
'%dopar%'
decompose_monotone_single: no visible global function definition for
'foreach'
decompose_monotone_single: no visible global function definition for
'laply'
decompose_monotone_single: no visible global function definition for
'var'
degree_of_monotonicity: no visible global function definition for
'%do%'
degree_of_monotonicity: no visible global function definition for
'foreach'
degree_of_monotonicity_single: no visible global function definition
for 'aaply'
monotone_regression: no visible global function definition for
'activeSet'
partial_genotype_order: no visible global function definition for
'aaply'
plot1_dec: no visible global function definition for '%do%'
plot1_dec: no visible global function definition for 'foreach'
plot1_dec: no visible global function definition for 'ggplot'
plot1_dec: no visible global function definition for 'aes_string'
plot1_dec: no visible global function definition for 'geom_point'
plot1_dec: no visible global function definition for 'facet_wrap'
plot1_dec: no visible global function definition for 'labs'
plot1_orig: no visible global function definition for '%do%'
plot1_orig: no visible global function definition for 'foreach'
plot1_orig: no visible global function definition for 'ggplot'
plot1_orig: no visible global function definition for 'aes_string'
plot1_orig: no visible global function definition for 'geom_line'
plot1_orig: no visible global function definition for 'labs'
plot2_dec: no visible global function definition for '%do%'
plot2_dec: no visible global function definition for 'foreach'
plot2_dec: no visible global function definition for 'ggplot'
plot2_dec: no visible global function definition for 'aes_string'
plot2_dec: no visible global function definition for 'geom_line'
plot2_dec: no visible global function definition for 'facet_wrap'
plot2_dec: no visible global function definition for 'labs'
plot2_orig: no visible global function definition for '%do%'
plot2_orig: no visible global function definition for 'foreach'
plot2_orig: no visible global function definition for 'ggplot'
plot2_orig: no visible global function definition for 'aes_string'
plot2_orig: no visible global function definition for 'geom_line'
plot2_orig: no visible global function definition for 'labs'
plot3_dec: no visible global function definition for '%do%'
plot3_dec: no visible global function definition for 'foreach'
plot3_dec: no visible global function definition for 'ggplot'
plot3_dec: no visible global function definition for 'aes_string'
plot3_dec: no visible global function definition for 'geom_line'
plot3_dec: no visible global function definition for 'facet_grid'
plot3_dec: no visible global function definition for 'as.formula'
plot3_dec: no visible global function definition for 'labs'
plot3_orig: no visible global function definition for '%do%'
plot3_orig: no visible global function definition for 'foreach'
plot3_orig: no visible global function definition for 'ggplot'
plot3_orig: no visible global function definition for 'aes_string'
plot3_orig: no visible global function definition for 'geom_line'
plot3_orig: no visible global function definition for 'facet_wrap'
plot3_orig: no visible global function definition for 'as.formula'
plot3_orig: no visible global function definition for 'labs'
Undefined global functions or variables:
%do% %dopar% aaply activeSet aes_string as.formula facet_grid
facet_wrap foreach geom_line geom_point ggplot labs laply var
Consider adding
importFrom("stats", "as.formula", "var")
to your NAMESPACE file.
Flavors: r-devel-linux-x86_64-debian-clang, r-devel-linux-x86_64-debian-gcc, r-devel-linux-x86_64-fedora-clang, r-devel-linux-x86_64-fedora-gcc, r-devel-windows-ix86+x86_64, r-devel-windows-ix86+x86_64-gcc8, r-patched-linux-x86_64, r-patched-solaris-x86, r-release-linux-x86_64, r-release-windows-ix86+x86_64, r-release-osx-x86_64, r-oldrel-windows-ix86+x86_64, r-oldrel-osx-x86_64