CRAN Package Check Results for Package graphkernels

Last updated on 2019-11-26 00:51:53 CET.

Flavor Version Tinstall Tcheck Ttotal Status Flags
r-devel-linux-x86_64-debian-clang 1.6 45.61 70.66 116.27 OK
r-devel-linux-x86_64-debian-gcc 1.6 38.45 57.29 95.74 OK
r-devel-linux-x86_64-fedora-clang 1.6 146.01 NOTE
r-devel-linux-x86_64-fedora-gcc 1.6 148.17 OK
r-devel-windows-ix86+x86_64 1.6 108.00 182.00 290.00 OK
r-devel-windows-ix86+x86_64-gcc8 1.6 100.00 148.00 248.00 OK
r-patched-linux-x86_64 1.6 41.38 71.01 112.39 OK
r-patched-solaris-x86 1.6 170.10 OK
r-release-linux-x86_64 1.6 42.81 71.48 114.29 OK
r-release-windows-ix86+x86_64 1.6 99.00 138.00 237.00 OK
r-release-osx-x86_64 1.6 NOTE
r-oldrel-windows-ix86+x86_64 1.6 67.00 128.00 195.00 OK
r-oldrel-osx-x86_64 1.6 NOTE

Check Details

Version: 1.6
Check: installed package size
Result: NOTE
     installed size is 10.8Mb
     sub-directories of 1Mb or more:
     libs 10.6Mb
Flavors: r-devel-linux-x86_64-fedora-clang, r-release-osx-x86_64, r-oldrel-osx-x86_64