CRAN Package Check Results for Package graphlayouts

Last updated on 2019-11-26 00:51:53 CET.

Flavor Version Tinstall Tcheck Ttotal Status Flags
r-devel-linux-x86_64-debian-clang 0.5.0 46.17 32.93 79.10 OK
r-devel-linux-x86_64-debian-gcc 0.5.0 38.13 25.88 64.01 OK
r-devel-linux-x86_64-fedora-clang 0.5.0 108.70 NOTE
r-devel-linux-x86_64-fedora-gcc 0.5.0 105.95 OK
r-devel-windows-ix86+x86_64 0.5.0 2.00 7.00 9.00 OK
r-devel-windows-ix86+x86_64-gcc8 0.5.0 86.00 77.00 163.00 OK
r-patched-linux-x86_64 0.5.0 41.17 31.67 72.84 OK
r-patched-solaris-x86 0.5.0 109.60 OK
r-release-linux-x86_64 0.5.0 40.60 32.04 72.64 OK
r-release-windows-ix86+x86_64 0.5.0 106.00 89.00 195.00 OK
r-release-osx-x86_64 0.5.0 NOTE
r-oldrel-windows-ix86+x86_64 0.5.0 76.00 88.00 164.00 OK
r-oldrel-osx-x86_64 0.5.0 NOTE

Check Details

Version: 0.5.0
Check: installed package size
Result: NOTE
     installed size is 5.4Mb
     sub-directories of 1Mb or more:
     help 2.4Mb
     libs 2.8Mb
Flavors: r-devel-linux-x86_64-fedora-clang, r-release-osx-x86_64, r-oldrel-osx-x86_64