Last updated on 2019-11-26 00:51:53 CET.
Flavor | Version | Tinstall | Tcheck | Ttotal | Status | Flags |
---|---|---|---|---|---|---|
r-devel-linux-x86_64-debian-clang | 0.0.1 | 48.99 | 113.99 | 162.98 | OK | |
r-devel-linux-x86_64-debian-gcc | 0.0.1 | 34.54 | 109.73 | 144.27 | OK | |
r-devel-linux-x86_64-fedora-clang | 0.0.1 | 172.85 | NOTE | |||
r-devel-linux-x86_64-fedora-gcc | 0.0.1 | 180.06 | OK | |||
r-devel-windows-ix86+x86_64 | 0.0.1 | 123.00 | 208.00 | 331.00 | OK | |
r-devel-windows-ix86+x86_64-gcc8 | 0.0.1 | 122.00 | 150.00 | 272.00 | OK | |
r-patched-linux-x86_64 | 0.0.1 | 39.46 | 104.73 | 144.19 | OK | |
r-patched-solaris-x86 | 0.0.1 | 183.20 | OK | |||
r-release-linux-x86_64 | 0.0.1 | 38.07 | 102.18 | 140.25 | OK | |
r-release-windows-ix86+x86_64 | 0.0.1 | 127.00 | 144.00 | 271.00 | OK | |
r-release-osx-x86_64 | 0.0.1 | OK | ||||
r-oldrel-windows-ix86+x86_64 | 0.0.1 | 87.00 | 187.00 | 274.00 | OK | |
r-oldrel-osx-x86_64 | 0.0.1 | OK |
Version: 0.0.1
Check: installed package size
Result: NOTE
installed size is 5.2Mb
sub-directories of 1Mb or more:
doc 2.1Mb
libs 2.7Mb
Flavor: r-devel-linux-x86_64-fedora-clang