Last updated on 2019-11-26 00:51:53 CET.
Flavor | Version | Tinstall | Tcheck | Ttotal | Status | Flags |
---|---|---|---|---|---|---|
r-devel-linux-x86_64-debian-clang | 3.8.1 | 4.86 | 109.47 | 114.33 | NOTE | |
r-devel-linux-x86_64-debian-gcc | 3.8.1 | 3.05 | 83.03 | 86.08 | NOTE | |
r-devel-linux-x86_64-fedora-clang | 3.8.1 | 128.80 | NOTE | |||
r-devel-linux-x86_64-fedora-gcc | 3.8.1 | 130.70 | NOTE | |||
r-devel-windows-ix86+x86_64 | 3.8.1 | 14.00 | 72.00 | 86.00 | NOTE | |
r-devel-windows-ix86+x86_64-gcc8 | 3.8.1 | 18.00 | 71.00 | 89.00 | NOTE | |
r-patched-linux-x86_64 | 3.8.1 | 4.00 | 106.63 | 110.63 | NOTE | |
r-patched-solaris-x86 | 3.8.1 | 74.70 | NOTE | |||
r-release-linux-x86_64 | 3.8.1 | 4.17 | 108.54 | 112.71 | NOTE | |
r-release-windows-ix86+x86_64 | 3.8.1 | 11.00 | 96.00 | 107.00 | NOTE | |
r-release-osx-x86_64 | 3.8.1 | NOTE | ||||
r-oldrel-windows-ix86+x86_64 | 3.8.1 | 12.00 | 64.00 | 76.00 | NOTE | |
r-oldrel-osx-x86_64 | 3.8.1 | NOTE |
Version: 3.8.1
Check: R code for possible problems
Result: NOTE
Found the following possibly unsafe calls:
File 'gtools/R/unByteCode.R':
unlockBinding(name, env = env)
Flavors: r-devel-linux-x86_64-debian-clang, r-devel-linux-x86_64-debian-gcc, r-devel-linux-x86_64-fedora-clang, r-devel-linux-x86_64-fedora-gcc, r-devel-windows-ix86+x86_64, r-devel-windows-ix86+x86_64-gcc8, r-patched-linux-x86_64, r-patched-solaris-x86, r-release-linux-x86_64, r-release-windows-ix86+x86_64, r-release-osx-x86_64, r-oldrel-windows-ix86+x86_64, r-oldrel-osx-x86_64