CRAN Package Check Results for Package gutenbergr

Last updated on 2019-11-26 00:51:53 CET.

Flavor Version Tinstall Tcheck Ttotal Status Flags
r-devel-linux-x86_64-debian-clang 0.1.5 6.86 865.95 872.81 OK
r-devel-linux-x86_64-debian-gcc 0.1.5 5.89 703.12 709.01 OK
r-devel-linux-x86_64-fedora-clang 0.1.5 872.61 NOTE
r-devel-linux-x86_64-fedora-gcc 0.1.5 914.67 NOTE
r-devel-windows-ix86+x86_64 0.1.5 24.00 942.00 966.00 OK
r-devel-windows-ix86+x86_64-gcc8 0.1.5 15.00 836.00 851.00 OK
r-patched-linux-x86_64 0.1.5 7.18 766.75 773.93 OK
r-patched-solaris-x86 0.1.5 1938.80 NOTE
r-release-linux-x86_64 0.1.5 6.41 757.29 763.70 OK
r-release-windows-ix86+x86_64 0.1.5 18.00 938.00 956.00 OK
r-release-osx-x86_64 0.1.5 NOTE
r-oldrel-windows-ix86+x86_64 0.1.5 10.00 974.00 984.00 OK
r-oldrel-osx-x86_64 0.1.5 NOTE

Check Details

Version: 0.1.5
Check: data for non-ASCII characters
Result: NOTE
     Note: found 13617 marked UTF-8 strings
Flavors: r-devel-linux-x86_64-fedora-clang, r-devel-linux-x86_64-fedora-gcc, r-patched-solaris-x86, r-release-osx-x86_64, r-oldrel-osx-x86_64