CRAN Package Check Results for Package hdlm

Last updated on 2019-11-26 00:51:54 CET.

Flavor Version Tinstall Tcheck Ttotal Status Flags
r-devel-linux-x86_64-debian-clang 1.3.1 9.35 90.84 100.19 OK
r-devel-linux-x86_64-debian-gcc 1.3.1 8.50 71.85 80.35 OK
r-devel-linux-x86_64-fedora-clang 1.3.1 122.60 NOTE
r-devel-linux-x86_64-fedora-gcc 1.3.1 120.49 NOTE
r-devel-windows-ix86+x86_64 1.3.1 32.00 180.00 212.00 OK
r-devel-windows-ix86+x86_64-gcc8 1.3.1 22.00 119.00 141.00 OK
r-patched-linux-x86_64 1.3.1 8.27 88.16 96.43 OK
r-patched-solaris-x86 1.3.1 182.80 OK
r-release-linux-x86_64 1.3.1 9.10 88.57 97.67 OK
r-release-windows-ix86+x86_64 1.3.1 25.00 126.00 151.00 OK
r-release-osx-x86_64 1.3.1 OK
r-oldrel-windows-ix86+x86_64 1.3.1 14.00 158.00 172.00 OK
r-oldrel-osx-x86_64 1.3.1 OK

Check Details

Version: 1.3.1
Check: compiled code
Result: NOTE
    File ‘hdlm/libs/hdlm.so’:
     Found no calls to: ‘R_registerRoutines’, ‘R_useDynamicSymbols’
    
    It is good practice to register native routines and to disable symbol
    search.
    
    See ‘Writing portable packages’ in the ‘Writing R Extensions’ manual.
Flavors: r-devel-linux-x86_64-fedora-clang, r-devel-linux-x86_64-fedora-gcc