Last updated on 2019-11-26 00:51:54 CET.
Flavor | Version | Tinstall | Tcheck | Ttotal | Status | Flags |
---|---|---|---|---|---|---|
r-devel-linux-x86_64-debian-clang | 1.28.0 | 9.22 | 65.37 | 74.59 | OK | |
r-devel-linux-x86_64-debian-gcc | 1.28.0 | 7.60 | 50.88 | 58.48 | OK | |
r-devel-linux-x86_64-fedora-clang | 1.28.0 | 86.71 | OK | |||
r-devel-linux-x86_64-fedora-gcc | 1.28.0 | 84.88 | OK | |||
r-devel-windows-ix86+x86_64 | 1.28.0 | 28.00 | 128.00 | 156.00 | OK | |
r-devel-windows-ix86+x86_64-gcc8 | 1.28.0 | 24.00 | 95.00 | 119.00 | OK | |
r-patched-linux-x86_64 | 1.28.0 | 8.82 | 63.95 | 72.77 | OK | |
r-patched-solaris-x86 | 1.28.0 | 117.40 | OK | |||
r-release-linux-x86_64 | 1.28.0 | 9.23 | 64.20 | 73.43 | OK | |
r-release-windows-ix86+x86_64 | 1.28.0 | 27.00 | 107.00 | 134.00 | OK | |
r-release-osx-x86_64 | 1.28.0 | OK | ||||
r-oldrel-windows-ix86+x86_64 | 1.28.0 | 17.00 | 125.00 | 142.00 | ERROR | |
r-oldrel-osx-x86_64 | 1.28.0 | OK |
Version: 1.28.0
Check: whether package can be installed
Result: ERROR
Installation failed.
Flavor: r-oldrel-windows-ix86+x86_64