CRAN Package Check Results for Package hpiR

Last updated on 2019-11-26 00:51:54 CET.

Flavor Version Tinstall Tcheck Ttotal Status Flags
r-devel-linux-x86_64-debian-clang 0.2.0 15.96 168.35 184.31 OK
r-devel-linux-x86_64-debian-gcc 0.2.0 15.29 125.29 140.58 OK
r-devel-linux-x86_64-fedora-clang 0.2.0 200.92 NOTE
r-devel-linux-x86_64-fedora-gcc 0.2.0 200.88 NOTE
r-devel-windows-ix86+x86_64 0.2.0 58.00 245.00 303.00 OK
r-devel-windows-ix86+x86_64-gcc8 0.2.0 35.00 187.00 222.00 OK
r-patched-linux-x86_64 0.2.0 15.85 154.65 170.50 OK
r-patched-solaris-x86 0.2.0 324.00 NOTE
r-release-linux-x86_64 0.2.0 14.31 159.90 174.21 OK
r-release-windows-ix86+x86_64 0.2.0 57.00 241.00 298.00 OK
r-release-osx-x86_64 0.2.0 NOTE
r-oldrel-windows-ix86+x86_64 0.2.0 23.00 219.00 242.00 OK
r-oldrel-osx-x86_64 0.2.0 NOTE

Check Details

Version: 0.2.0
Check: dependencies in R code
Result: NOTE
    Namespace in Imports field not imported from: ‘knitr’
     All declared Imports should be used.
Flavors: r-devel-linux-x86_64-fedora-clang, r-devel-linux-x86_64-fedora-gcc, r-patched-solaris-x86, r-release-osx-x86_64, r-oldrel-osx-x86_64