Last updated on 2019-11-26 00:51:54 CET.
Flavor | Version | Tinstall | Tcheck | Ttotal | Status | Flags |
---|---|---|---|---|---|---|
r-devel-linux-x86_64-debian-clang | 0.6 | 385.30 | 125.54 | 510.84 | OK | |
r-devel-linux-x86_64-debian-gcc | 0.6 | 378.45 | 108.82 | 487.27 | OK | |
r-devel-linux-x86_64-fedora-clang | 0.6 | 680.74 | NOTE | |||
r-devel-linux-x86_64-fedora-gcc | 0.6 | 804.72 | OK | |||
r-devel-windows-ix86+x86_64 | 0.6 | 915.00 | 429.00 | 1344.00 | NOTE | |
r-devel-windows-ix86+x86_64-gcc8 | 0.6 | 684.00 | 329.00 | 1013.00 | NOTE | |
r-patched-linux-x86_64 | 0.6 | 369.98 | 131.04 | 501.02 | OK | |
r-patched-solaris-x86 | 0.6 | 662.10 | OK | |||
r-release-linux-x86_64 | 0.6 | 380.53 | 130.07 | 510.60 | OK | |
r-release-windows-ix86+x86_64 | 0.6 | 870.00 | 302.00 | 1172.00 | NOTE | |
r-release-osx-x86_64 | 0.6 | NOTE | ||||
r-oldrel-osx-x86_64 | 0.6 | ERROR |
Version: 0.6
Check: installed package size
Result: NOTE
installed size is 62.1Mb
sub-directories of 1Mb or more:
libs 61.6Mb
Flavors: r-devel-linux-x86_64-fedora-clang, r-devel-windows-ix86+x86_64, r-devel-windows-ix86+x86_64-gcc8, r-release-windows-ix86+x86_64, r-release-osx-x86_64
Version: 0.6
Check: whether package can be installed
Result: ERROR
Installation failed.
Flavor: r-oldrel-osx-x86_64