Last updated on 2019-11-26 00:51:54 CET.
Flavor | Version | Tinstall | Tcheck | Ttotal | Status | Flags |
---|---|---|---|---|---|---|
r-devel-linux-x86_64-debian-clang | 2.0-3 | 15.15 | 78.72 | 93.87 | OK | |
r-devel-linux-x86_64-debian-gcc | 2.0-3 | 11.41 | 61.09 | 72.50 | OK | |
r-devel-linux-x86_64-fedora-clang | 2.0-3 | 104.47 | NOTE | |||
r-devel-linux-x86_64-fedora-gcc | 2.0-3 | 103.17 | NOTE | |||
r-devel-windows-ix86+x86_64 | 2.0-3 | 36.00 | 138.00 | 174.00 | OK | |
r-devel-windows-ix86+x86_64-gcc8 | 2.0-3 | 26.00 | 110.00 | 136.00 | OK | |
r-patched-linux-x86_64 | 2.0-3 | 13.48 | 75.12 | 88.60 | OK | |
r-patched-solaris-x86 | 2.0-3 | 146.20 | OK | |||
r-release-linux-x86_64 | 2.0-3 | 13.69 | 76.97 | 90.66 | OK | |
r-release-windows-ix86+x86_64 | 2.0-3 | 34.00 | 105.00 | 139.00 | OK | |
r-release-osx-x86_64 | 2.0-3 | OK | ||||
r-oldrel-windows-ix86+x86_64 | 2.0-3 | 21.00 | 121.00 | 142.00 | OK | |
r-oldrel-osx-x86_64 | 2.0-3 | OK |
Version: 2.0-3
Check: foreign function calls
Result: NOTE
Registration problems:
symbol ‘nom1’ in the local frame:
.C(nom1, as.double(xord), as.integer(length(xord)), as.double(yord),
as.double(gridbw), as.integer(length(gridbw)), as.integer(effold),
as.integer(neffold), double(length(gridbw)), double(length(gridbw)))
symbol ‘nom2’ in the local frame:
.C(nom2, as.double(x), as.integer(n), as.double(y), as.double(bandwidth),
as.double(x), as.integer(n), double(n), double(1))
symbol ‘nom2’ in the local frame:
.C(nom2, as.double(x), as.integer(n), as.double(y), as.double(bandwidth),
as.double(x), as.integer(n), double(n), double(1), double(n))
symbol ‘nom’ in the local frame:
.C(nom, as.double(x), as.integer(length(x)), as.double(y), as.double(object$bandwidth),
as.double(newdata), as.integer(length(newdata)), double(length(newdata)),
double(1))
symbol ‘nom’ in the local frame:
.C(nom, as.double(x), as.integer(length(x)), as.double(y), as.double(object$bandwidth),
as.double(newdata), as.integer(length(newdata)), double(length(newdata)),
double(1), double(length(newdata)))
See chapter ‘System and foreign language interfaces’ in the ‘Writing R
Extensions’ manual.
Flavors: r-devel-linux-x86_64-fedora-clang, r-devel-linux-x86_64-fedora-gcc