CRAN Package Check Results for Package intervals

Last updated on 2019-11-26 00:51:55 CET.

Flavor Version Tinstall Tcheck Ttotal Status Flags
r-devel-linux-x86_64-debian-clang 0.15.1 9.30 44.19 53.49 OK
r-devel-linux-x86_64-debian-gcc 0.15.1 7.15 34.45 41.60 OK
r-devel-linux-x86_64-fedora-clang 0.15.1 67.45 NOTE
r-devel-linux-x86_64-fedora-gcc 0.15.1 64.63 NOTE
r-devel-windows-ix86+x86_64 0.15.1 24.00 82.00 106.00 OK
r-devel-windows-ix86+x86_64-gcc8 0.15.1 33.00 79.00 112.00 OK
r-patched-linux-x86_64 0.15.1 9.25 42.45 51.70 OK
r-patched-solaris-x86 0.15.1 91.00 OK
r-release-linux-x86_64 0.15.1 8.45 43.14 51.59 OK
r-release-windows-ix86+x86_64 0.15.1 24.00 110.00 134.00 OK
r-release-osx-x86_64 0.15.1 OK
r-oldrel-windows-ix86+x86_64 0.15.1 21.00 77.00 98.00 OK
r-oldrel-osx-x86_64 0.15.1 OK

Check Details

Version: 0.15.1
Check: compiled code
Result: NOTE
    File ‘intervals/libs/intervals.so’:
     Found no calls to: ‘R_registerRoutines’, ‘R_useDynamicSymbols’
    
    It is good practice to register native routines and to disable symbol
    search.
    
    See ‘Writing portable packages’ in the ‘Writing R Extensions’ manual.
Flavors: r-devel-linux-x86_64-fedora-clang, r-devel-linux-x86_64-fedora-gcc