CRAN Package Check Results for Package jackalope

Last updated on 2019-11-26 00:51:55 CET.

Flavor Version Tinstall Tcheck Ttotal Status Flags
r-devel-linux-x86_64-debian-clang 1.0.0 288.82 47.60 336.42 NOTE
r-devel-linux-x86_64-debian-gcc 1.0.0 218.42 36.77 255.19 NOTE
r-devel-linux-x86_64-fedora-clang 1.0.0 476.41 NOTE
r-devel-linux-x86_64-fedora-gcc 1.0.0 453.09 NOTE
r-devel-windows-ix86+x86_64 0.1.3 739.00 164.00 903.00 NOTE
r-devel-windows-ix86+x86_64-gcc8 1.0.0 608.00 127.00 735.00 NOTE
r-patched-linux-x86_64 1.0.0 226.70 46.05 272.75 NOTE
r-patched-solaris-x86 1.0.0 379.30 NOTE
r-release-linux-x86_64 1.0.0 222.43 47.56 269.99 NOTE
r-release-windows-ix86+x86_64 1.0.0 502.00 97.00 599.00 NOTE
r-release-osx-x86_64 1.0.0 NOTE
r-oldrel-windows-ix86+x86_64 1.0.0 538.00 121.00 659.00 NOTE
r-oldrel-osx-x86_64 1.0.0 ERROR

Check Details

Version: 1.0.0
Check: for GNU extensions in Makefiles
Result: NOTE
    GNU make is a SystemRequirements.
Flavors: r-devel-linux-x86_64-debian-clang, r-devel-linux-x86_64-debian-gcc, r-devel-linux-x86_64-fedora-clang, r-devel-linux-x86_64-fedora-gcc, r-devel-windows-ix86+x86_64-gcc8, r-patched-linux-x86_64, r-patched-solaris-x86, r-release-linux-x86_64, r-release-windows-ix86+x86_64, r-release-osx-x86_64, r-oldrel-windows-ix86+x86_64

Version: 1.0.0
Check: installed package size
Result: NOTE
     installed size is 20.1Mb
     sub-directories of 1Mb or more:
     art_profiles 1.5Mb
     libs 17.9Mb
Flavors: r-devel-linux-x86_64-fedora-clang, r-devel-windows-ix86+x86_64-gcc8, r-release-windows-ix86+x86_64, r-release-osx-x86_64, r-oldrel-windows-ix86+x86_64

Version: 0.1.3
Check: installed package size
Result: NOTE
     installed size is 6.3Mb
     sub-directories of 1Mb or more:
     art_profiles 1.5Mb
     libs 4.3Mb
Flavor: r-devel-windows-ix86+x86_64

Version: 0.1.3
Check: for GNU extensions in Makefiles
Result: NOTE
    GNU make is a SystemRequirements.
Flavor: r-devel-windows-ix86+x86_64

Version: 1.0.0
Check: whether package can be installed
Result: ERROR
    Installation failed.
Flavor: r-oldrel-osx-x86_64