CRAN Package Check Results for Package kutils

Last updated on 2019-11-26 00:51:56 CET.

Flavor Version Tinstall Tcheck Ttotal Status Flags
r-devel-linux-x86_64-debian-clang 1.69 7.51 73.29 80.80 OK
r-devel-linux-x86_64-debian-gcc 1.69 6.47 56.24 62.71 OK
r-devel-linux-x86_64-fedora-clang 1.69 89.84 NOTE
r-devel-linux-x86_64-fedora-gcc 1.69 90.38 NOTE
r-devel-windows-ix86+x86_64 1.69 17.00 111.00 128.00 OK
r-devel-windows-ix86+x86_64-gcc8 1.69 19.00 89.00 108.00 OK
r-patched-linux-x86_64 1.69 7.81 68.48 76.29 OK
r-patched-solaris-x86 1.69 117.50 NOTE
r-release-linux-x86_64 1.69 7.94 68.36 76.30 OK
r-release-windows-ix86+x86_64 1.69 18.00 92.00 110.00 OK
r-release-osx-x86_64 1.69 NOTE
r-oldrel-windows-ix86+x86_64 1.69 9.00 122.00 131.00 OK
r-oldrel-osx-x86_64 1.69 NOTE

Check Details

Version: 1.69
Check: dependencies in R code
Result: NOTE
    Namespace in Imports field not imported from: ‘RUnit’
     All declared Imports should be used.
Flavors: r-devel-linux-x86_64-fedora-clang, r-devel-linux-x86_64-fedora-gcc, r-patched-solaris-x86, r-release-osx-x86_64, r-oldrel-osx-x86_64